Last updated on 2025-05-03 12:54:39 CEST.
Flavor | Version | Tinstall | Tcheck | Ttotal | Status | Flags |
---|---|---|---|---|---|---|
r-devel-linux-x86_64-debian-clang | 1.0.2 | 10.02 | 84.73 | 94.75 | NOTE | |
r-devel-linux-x86_64-debian-gcc | 1.0.2 | 6.97 | 63.34 | 70.31 | NOTE | |
r-devel-linux-x86_64-fedora-clang | 1.0.2 | 164.44 | OK | |||
r-devel-linux-x86_64-fedora-gcc | 1.0.2 | 141.22 | OK | |||
r-devel-windows-x86_64 | 1.0.2 | 11.00 | 93.00 | 104.00 | OK | |
r-patched-linux-x86_64 | 1.0.2 | 9.80 | 79.26 | 89.06 | OK | |
r-release-linux-x86_64 | OK | |||||
r-release-macos-arm64 | 1.0.2 | 44.00 | OK | |||
r-release-macos-x86_64 | 1.0.2 | 86.00 | OK | |||
r-release-windows-x86_64 | 1.0.2 | 12.00 | 91.00 | 103.00 | OK | |
r-oldrel-macos-arm64 | 1.0.2 | 44.00 | NOTE | |||
r-oldrel-macos-x86_64 | 1.0.2 | 66.00 | NOTE | |||
r-oldrel-windows-x86_64 | 1.0.2 | 13.00 | 115.00 | 128.00 | NOTE |
Version: 1.0.2
Check: CRAN incoming feasibility
Result: NOTE
Maintainer: ‘Robrecht Cannoodt <rcannood@gmail.com>’
Package CITATION file contains call(s) to old-style citEntry(). Please
use bibentry() instead.
Flavors: r-devel-linux-x86_64-debian-clang, r-devel-linux-x86_64-debian-gcc
Version: 1.0.2
Check: DESCRIPTION meta-information
Result: NOTE
Author field differs from that derived from Authors@R
Author: ‘Robrecht Cannoodt [aut, cre] (<https://orcid.org/0000-0003-3641-729X>, rcannood), Wouter Saelens [aut] (<https://orcid.org/0000-0002-7114-6248>, zouter)’
Authors@R: ‘Robrecht Cannoodt [aut, cre] (ORCID: <https://orcid.org/0000-0003-3641-729X>, github: rcannood), Wouter Saelens [aut] (ORCID: <https://orcid.org/0000-0002-7114-6248>, github: zouter)’
Flavors: r-devel-linux-x86_64-debian-clang, r-devel-linux-x86_64-debian-gcc
Version: 1.0.2
Check: LazyData
Result: NOTE
'LazyData' is specified without a 'data' directory
Flavors: r-oldrel-macos-arm64, r-oldrel-macos-x86_64, r-oldrel-windows-x86_64