CRAN Package Check Results for Package ecosim

Last updated on 2025-05-07 06:49:48 CEST.

Flavor Version Tinstall Tcheck Ttotal Status Flags
r-devel-linux-x86_64-debian-clang 1.3-4 3.28 44.76 48.04 NOTE
r-devel-linux-x86_64-debian-gcc 1.3-4 2.56 29.50 32.06 NOTE
r-devel-linux-x86_64-fedora-clang 1.3-4 75.18 OK
r-devel-linux-x86_64-fedora-gcc 1.3-4 77.48 OK
r-devel-windows-x86_64 1.3-4 5.00 62.00 67.00 NOTE
r-patched-linux-x86_64 1.3-4 4.15 42.63 46.78 NOTE
r-release-linux-x86_64 1.3-4 3.00 42.65 45.65 NOTE
r-release-macos-arm64 1.3-4 27.00 OK
r-release-macos-x86_64 1.3-4 52.00 OK
r-release-windows-x86_64 1.3-4 4.00 62.00 66.00 NOTE
r-oldrel-macos-arm64 1.3-4 23.00 OK
r-oldrel-macos-x86_64 1.3-4 35.00 OK
r-oldrel-windows-x86_64 1.3-4 4.00 67.00 71.00 OK

Check Details

Version: 1.3-4
Check: CRAN incoming feasibility
Result: NOTE Maintainer: ‘Peter Reichert <peter.reichert@emeriti.eawag.ch>’ No Authors@R field in DESCRIPTION. Please add one, modifying Authors@R: person(given = "Peter", family = "Reichert", role = c("aut", "cre"), email = "peter.reichert@emeriti.eawag.ch") as necessary. Flavors: r-devel-linux-x86_64-debian-clang, r-devel-linux-x86_64-debian-gcc

Version: 1.3-4
Check: Rd cross-references
Result: NOTE Found the following Rd file(s) with Rd \link{} targets missing package anchors: calcres.Rd: ode ecosim-package.Rd: calc.stoich.coef, ode process-class.Rd: calc.stoich.coef system-class.Rd: ode Please provide package anchors for all Rd \link{} targets not in the package itself and the base packages. Flavors: r-devel-linux-x86_64-debian-clang, r-devel-linux-x86_64-debian-gcc, r-devel-windows-x86_64, r-patched-linux-x86_64, r-release-linux-x86_64, r-release-windows-x86_64