CRAN Package Check Results for Package ecotox

Last updated on 2025-07-22 12:49:31 CEST.

Flavor Version Tinstall Tcheck Ttotal Status Flags
r-devel-linux-x86_64-debian-clang 1.4.4 4.11 38.50 42.61 NOTE
r-devel-linux-x86_64-debian-gcc 1.4.4 2.45 29.44 31.89 NOTE
r-devel-linux-x86_64-fedora-clang 1.4.4 63.78 OK
r-devel-linux-x86_64-fedora-gcc 1.4.4 60.23 OK
r-devel-windows-x86_64 1.4.4 5.00 53.00 58.00 OK
r-patched-linux-x86_64 1.4.4 4.10 34.01 38.11 OK
r-release-linux-x86_64 1.4.4 3.63 34.20 37.83 OK
r-release-macos-arm64 1.4.4 27.00 OK
r-release-macos-x86_64 1.4.4 42.00 OK
r-release-windows-x86_64 1.4.4 5.00 54.00 59.00 OK
r-oldrel-macos-arm64 1.4.4 23.00 OK
r-oldrel-macos-x86_64 1.4.4 33.00 OK
r-oldrel-windows-x86_64 1.4.4 7.00 63.00 70.00 OK

Check Details

Version: 1.4.4
Check: CRAN incoming feasibility
Result: NOTE Maintainer: ‘Benjamin L Hlina <benjamin.hlina@gmail.com>’ Package CITATION file contains call(s) to old-style personList() or as.personList(). Please use c() on person objects instead. Package CITATION file contains call(s) to old-style citEntry(). Please use bibentry() instead. Flavors: r-devel-linux-x86_64-debian-clang, r-devel-linux-x86_64-debian-gcc