CRAN Package Check Results for Package elliplot

Last updated on 2025-05-06 12:49:37 CEST.

Flavor Version Tinstall Tcheck Ttotal Status Flags
r-devel-linux-x86_64-debian-clang 1.3.0 1.82 21.22 23.04 NOTE
r-devel-linux-x86_64-debian-gcc 1.3.0 1.50 17.52 19.02 NOTE
r-devel-linux-x86_64-fedora-clang 1.3.0 36.31 OK
r-devel-linux-x86_64-fedora-gcc 1.3.0 35.63 OK
r-devel-windows-x86_64 1.3.0 3.00 47.00 50.00 OK
r-patched-linux-x86_64 1.3.0 2.03 20.53 22.56 OK
r-release-linux-x86_64 1.3.0 1.78 20.66 22.44 OK
r-release-macos-arm64 1.3.0 18.00 OK
r-release-macos-x86_64 1.3.0 29.00 OK
r-release-windows-x86_64 1.3.0 4.00 52.00 56.00 OK
r-oldrel-macos-arm64 1.3.0 17.00 OK
r-oldrel-macos-x86_64 1.3.0 29.00 OK
r-oldrel-windows-x86_64 1.3.0 3.00 48.00 51.00 OK

Check Details

Version: 1.3.0
Check: CRAN incoming feasibility
Result: NOTE Maintainer: ‘Shinichiro Tomizono <cowares@gmail.com>’ No Authors@R field in DESCRIPTION. Please add one, modifying Authors@R: person(given = "Shinichiro", family = "Tomizono", role = c("aut", "cre"), email = "cowares@gmail.com") as necessary. Flavors: r-devel-linux-x86_64-debian-clang, r-devel-linux-x86_64-debian-gcc