CRAN Package Check Results for Package elliptic

Last updated on 2025-05-03 21:51:16 CEST.

Flavor Version Tinstall Tcheck Ttotal Status Flags
r-devel-linux-x86_64-debian-clang 1.4-0 4.40 74.25 78.65 NOTE
r-devel-linux-x86_64-debian-gcc 1.4-0 2.95 54.27 57.22 NOTE
r-devel-linux-x86_64-fedora-clang 1.4-0 126.87 NOTE
r-devel-linux-x86_64-fedora-gcc 1.4-0 143.75 NOTE
r-devel-windows-x86_64 1.4-0 7.00 158.00 165.00 NOTE
r-patched-linux-x86_64 1.4-0 5.10 71.33 76.43 NOTE
r-release-linux-x86_64 NOTE
r-release-macos-arm64 1.4-0 64.00 WARN
r-release-macos-x86_64 1.4-0 106.00 NOTE
r-release-windows-x86_64 1.4-0 7.00 144.00 151.00 NOTE
r-oldrel-macos-arm64 1.4-0 57.00 WARN
r-oldrel-macos-x86_64 1.4-0 84.00 NOTE
r-oldrel-windows-x86_64 1.4-0 8.00 151.00 159.00 NOTE

Check Details

Version: 1.4-0
Check: CRAN incoming feasibility
Result: NOTE Maintainer: ‘Robin K. S. Hankin <hankin.robin@gmail.com>’ Package CITATION file contains call(s) to old-style personList() or as.personList(). Please use c() on person objects instead. Package CITATION file contains call(s) to old-style citEntry(). Please use bibentry() instead. Flavors: r-devel-linux-x86_64-debian-clang, r-devel-linux-x86_64-debian-gcc

Version: 1.4-0
Check: Rd files
Result: NOTE checkRd: (-1) elliptic-package.Rd:92: Lost braces 92 | J. Kotus and M. Urb\'{a}nski 2003. \emph{Hausdorff dimension and Hausdorff | ^ Flavors: r-devel-linux-x86_64-debian-clang, r-devel-linux-x86_64-debian-gcc, r-devel-linux-x86_64-fedora-clang, r-devel-linux-x86_64-fedora-gcc, r-devel-windows-x86_64, r-patched-linux-x86_64, r-release-linux-x86_64, r-release-macos-arm64, r-release-macos-x86_64, r-release-windows-x86_64, r-oldrel-macos-arm64, r-oldrel-macos-x86_64, r-oldrel-windows-x86_64

Version: 1.4-0
Check: re-building of vignette outputs
Result: WARN Error(s) in re-building vignettes: --- re-building ‘ellipticpaper.Rnw’ using Sweave Attaching package: ‘elliptic’ The following objects are masked from ‘package:stats’: sd, sigma The following object is masked from ‘package:base’: is.primitive Loading required package: emulator Loading required package: mvtnorm Loading required package: calibrator Error: processing vignette 'ellipticpaper.Rnw' failed with diagnostics: Running 'texi2dvi' on 'ellipticpaper.tex' failed. LaTeX errors: !pdfTeX error: pdflatex (file bbm6): Font bbm6 at 600 not found ==> Fatal error occurred, no output PDF file produced! --- failed re-building ‘ellipticpaper.Rnw’ --- re-building ‘residuetheorem.Rnw’ using Sweave Attaching package: ‘elliptic’ The following objects are masked from ‘package:stats’: sd, sigma The following object is masked from ‘package:base’: is.primitive --- finished re-building ‘residuetheorem.Rnw’ SUMMARY: processing the following file failed: ‘ellipticpaper.Rnw’ Error: Vignette re-building failed. Execution halted Flavors: r-release-macos-arm64, r-oldrel-macos-arm64