Last updated on 2025-05-03 21:51:16 CEST.
Flavor | Version | Tinstall | Tcheck | Ttotal | Status | Flags |
---|---|---|---|---|---|---|
r-devel-linux-x86_64-debian-clang | 2.2.2 | 27.18 | 192.46 | 219.64 | NOTE | |
r-devel-linux-x86_64-debian-gcc | 2.2.2 | 16.07 | 131.84 | 147.91 | NOTE | |
r-devel-linux-x86_64-fedora-clang | 2.2.2 | 362.20 | OK | |||
r-devel-linux-x86_64-fedora-gcc | 2.2.2 | 370.32 | OK | |||
r-devel-windows-x86_64 | 2.2.2 | 26.00 | 188.00 | 214.00 | NOTE | |
r-patched-linux-x86_64 | 2.2.2 | 25.47 | 180.82 | 206.29 | NOTE | |
r-release-linux-x86_64 | NOTE | |||||
r-release-macos-arm64 | 2.2.2 | 80.00 | OK | |||
r-release-macos-x86_64 | 2.2.2 | 186.00 | OK | |||
r-release-windows-x86_64 | 2.2.2 | 25.00 | 181.00 | 206.00 | NOTE | |
r-oldrel-macos-arm64 | 2.2.2 | 104.00 | OK | |||
r-oldrel-macos-x86_64 | 2.2.2 | 277.00 | OK | |||
r-oldrel-windows-x86_64 | 2.2.2 | 35.00 | 232.00 | 267.00 | OK |
Version: 2.2.2
Check: Rd cross-references
Result: NOTE
Found the following Rd file(s) with Rd \link{} targets missing package
anchors:
write.excel.Rd: openxlsx
Please provide package anchors for all Rd \link{} targets not in the
package itself and the base packages.
Flavors: r-devel-linux-x86_64-debian-clang, r-devel-linux-x86_64-debian-gcc, r-devel-windows-x86_64, r-patched-linux-x86_64, r-release-linux-x86_64, r-release-windows-x86_64