Last updated on 2025-05-04 03:50:52 CEST.
Flavor | Version | Tinstall | Tcheck | Ttotal | Status | Flags |
---|---|---|---|---|---|---|
r-devel-linux-x86_64-debian-clang | 1.0.9 | 1.95 | 26.08 | 28.03 | NOTE | |
r-devel-linux-x86_64-debian-gcc | 1.0.9 | 1.52 | 20.72 | 22.24 | NOTE | |
r-devel-linux-x86_64-fedora-clang | 1.0.9 | 43.69 | OK | |||
r-devel-linux-x86_64-fedora-gcc | 1.0.9 | 43.42 | OK | |||
r-devel-windows-x86_64 | 1.0.9 | 3.00 | 52.00 | 55.00 | OK | |
r-patched-linux-x86_64 | 1.0.9 | 1.92 | 25.11 | 27.03 | OK | |
r-release-linux-x86_64 | OK | |||||
r-release-macos-arm64 | 1.0.9 | 19.00 | OK | |||
r-release-macos-x86_64 | 1.0.9 | 31.00 | OK | |||
r-release-windows-x86_64 | 1.0.9 | 3.00 | 59.00 | 62.00 | OK | |
r-oldrel-macos-arm64 | 1.0.9 | 23.00 | OK | |||
r-oldrel-macos-x86_64 | 1.0.9 | 26.00 | OK | |||
r-oldrel-windows-x86_64 | 1.0.9 | 3.00 | 51.00 | 54.00 | OK |
Version: 1.0.9
Check: CRAN incoming feasibility
Result: NOTE
Maintainer: ‘Shawn Garbett <Shawn@Garbett.org>’
No Authors@R field in DESCRIPTION.
Please add one, modifying
Authors@R: c(person(given = "Shawn",
family = "Garbett",
role = c("aut", "cre"),
email = "shawn@garbett.org"),
person(given = "Mark",
family = "Kozdoba",
role = "aut"))
as necessary.
Flavors: r-devel-linux-x86_64-debian-clang, r-devel-linux-x86_64-debian-gcc