Last updated on 2025-07-22 12:49:32 CEST.
Flavor | Version | Tinstall | Tcheck | Ttotal | Status | Flags |
---|---|---|---|---|---|---|
r-devel-linux-x86_64-debian-clang | 0.1.4 | 6.71 | 71.19 | 77.90 | NOTE | |
r-devel-linux-x86_64-debian-gcc | 0.1.4 | 4.81 | 55.43 | 60.24 | NOTE | |
r-devel-linux-x86_64-fedora-clang | 0.1.4 | 126.57 | OK | |||
r-devel-linux-x86_64-fedora-gcc | 0.1.4 | 128.90 | OK | |||
r-devel-windows-x86_64 | 0.1.4 | 11.00 | 83.00 | 94.00 | OK | |
r-patched-linux-x86_64 | 0.1.4 | 6.76 | 69.45 | 76.21 | OK | |
r-release-linux-x86_64 | 0.1.4 | 6.07 | 69.14 | 75.21 | OK | |
r-release-macos-arm64 | 0.1.4 | 30.00 | OK | |||
r-release-macos-x86_64 | 0.1.4 | 73.00 | OK | |||
r-release-windows-x86_64 | 0.1.4 | 10.00 | 86.00 | 96.00 | OK | |
r-oldrel-macos-arm64 | 0.1.4 | 27.00 | OK | |||
r-oldrel-macos-x86_64 | 0.1.4 | 38.00 | OK | |||
r-oldrel-windows-x86_64 | 0.1.4 | 13.00 | 103.00 | 116.00 | OK |
Version: 0.1.4
Check: CRAN incoming feasibility
Result: NOTE
Maintainer: ‘Nicolai Meinshausen <meinshausen@stat.math.ethz.ch>’
The Description field contains
supports classification (experimental). <arxiv:2307.00835>.
Please refer to arXiv e-prints via their arXiv DOI <doi:10.48550/arXiv.YYMM.NNNNN>.
Flavors: r-devel-linux-x86_64-debian-clang, r-devel-linux-x86_64-debian-gcc