Last updated on 2025-05-03 21:51:17 CEST.
Flavor | Version | Tinstall | Tcheck | Ttotal | Status | Flags |
---|---|---|---|---|---|---|
r-devel-linux-x86_64-debian-clang | 1.1.1 | 1.62 | 21.39 | 23.01 | OK | |
r-devel-linux-x86_64-debian-gcc | 1.1.1 | 1.35 | 17.78 | 19.13 | OK | |
r-devel-linux-x86_64-fedora-clang | 1.1.1 | 37.97 | OK | |||
r-devel-linux-x86_64-fedora-gcc | 1.1.1 | 51.52 | OK | |||
r-devel-windows-x86_64 | 1.1.1 | 3.00 | 43.00 | 46.00 | OK | |
r-patched-linux-x86_64 | 1.1.1 | 1.66 | 20.56 | 22.22 | OK | |
r-release-linux-x86_64 | OK | |||||
r-release-macos-arm64 | 1.1.1 | 23.00 | OK | |||
r-release-macos-x86_64 | 1.1.1 | 40.00 | OK | |||
r-release-windows-x86_64 | 1.1.1 | 2.00 | 43.00 | 45.00 | OK | |
r-oldrel-macos-arm64 | 1.1.1 | 22.00 | NOTE | |||
r-oldrel-macos-x86_64 | 1.1.1 | 34.00 | NOTE | |||
r-oldrel-windows-x86_64 | 1.1.1 | 2.00 | 47.00 | 49.00 | NOTE |
Version: 1.1.1
Check: LazyData
Result: NOTE
'LazyData' is specified without a 'data' directory
Flavors: r-oldrel-macos-arm64, r-oldrel-macos-x86_64, r-oldrel-windows-x86_64