Last updated on 2025-05-03 12:54:40 CEST.
Flavor | Version | Tinstall | Tcheck | Ttotal | Status | Flags |
---|---|---|---|---|---|---|
r-devel-linux-x86_64-debian-clang | 0.4.0 | 5.86 | 48.89 | 54.75 | OK | |
r-devel-linux-x86_64-debian-gcc | 0.4.0 | 4.48 | 36.42 | 40.90 | OK | |
r-devel-linux-x86_64-fedora-clang | 0.4.0 | 82.40 | NOTE | |||
r-devel-linux-x86_64-fedora-gcc | 0.4.0 | 84.32 | NOTE | |||
r-devel-windows-x86_64 | 0.4.0 | 7.00 | 84.00 | 91.00 | OK | |
r-patched-linux-x86_64 | 0.4.0 | 5.02 | 44.35 | 49.37 | OK | |
r-release-linux-x86_64 | OK | |||||
r-release-macos-arm64 | 0.4.0 | 53.00 | OK | |||
r-release-macos-x86_64 | 0.4.0 | 78.00 | OK | |||
r-release-windows-x86_64 | 0.4.0 | 7.00 | 84.00 | 91.00 | OK | |
r-oldrel-macos-arm64 | 0.4.0 | 51.00 | OK | |||
r-oldrel-macos-x86_64 | 0.4.0 | 59.00 | OK | |||
r-oldrel-windows-x86_64 | 0.4.0 | 10.00 | 98.00 | 108.00 | OK |
Version: 0.4.0
Check: dependencies in R code
Result: NOTE
Namespace in Imports field not imported from: ‘tinytest’
All declared Imports should be used.
Flavors: r-devel-linux-x86_64-fedora-clang, r-devel-linux-x86_64-fedora-gcc