Last updated on 2025-05-03 21:51:17 CEST.
Flavor | Version | Tinstall | Tcheck | Ttotal | Status | Flags |
---|---|---|---|---|---|---|
r-devel-linux-x86_64-debian-clang | 0.1-0 | 7.43 | 64.14 | 71.57 | NOTE | |
r-devel-linux-x86_64-debian-gcc | 0.1-0 | 4.96 | 45.57 | 50.53 | NOTE | |
r-devel-linux-x86_64-fedora-clang | 0.1-0 | 107.82 | NOTE | |||
r-devel-linux-x86_64-fedora-gcc | 0.1-0 | 110.38 | NOTE | |||
r-devel-windows-x86_64 | 0.1-0 | 9.00 | 74.00 | 83.00 | NOTE | |
r-patched-linux-x86_64 | 0.1-0 | 7.35 | 56.23 | 63.58 | NOTE | |
r-release-linux-x86_64 | NOTE | |||||
r-release-macos-arm64 | 0.1-0 | 33.00 | NOTE | |||
r-release-macos-x86_64 | 0.1-0 | 57.00 | NOTE | |||
r-release-windows-x86_64 | 0.1-0 | 9.00 | 74.00 | 83.00 | NOTE | |
r-oldrel-macos-arm64 | 0.1-0 | 31.00 | OK | |||
r-oldrel-macos-x86_64 | 0.1-0 | 84.00 | OK | |||
r-oldrel-windows-x86_64 | 0.1-0 | 11.00 | 90.00 | 101.00 | OK |
Version: 0.1-0
Check: DESCRIPTION meta-information
Result: NOTE
Missing dependency on R >= 4.1.0 because package code uses the pipe
|> or function shorthand \(...) syntax added in R 4.1.0.
File(s) using such syntax:
‘app.R’ ‘functions-server.R’ ‘functions-ui.R’
Flavors: r-devel-linux-x86_64-debian-clang, r-devel-linux-x86_64-debian-gcc, r-devel-linux-x86_64-fedora-clang, r-devel-linux-x86_64-fedora-gcc, r-devel-windows-x86_64, r-patched-linux-x86_64, r-release-linux-x86_64, r-release-macos-arm64, r-release-macos-x86_64, r-release-windows-x86_64