Last updated on 2025-05-03 21:51:17 CEST.
Flavor | Version | Tinstall | Tcheck | Ttotal | Status | Flags |
---|---|---|---|---|---|---|
r-devel-linux-x86_64-debian-clang | 1.0.3 | 3.72 | 32.39 | 36.11 | NOTE | |
r-devel-linux-x86_64-debian-gcc | 1.0.3 | 2.81 | 22.92 | 25.73 | NOTE | |
r-devel-linux-x86_64-fedora-clang | 1.0.3 | 57.02 | OK | |||
r-devel-linux-x86_64-fedora-gcc | 1.0.3 | 56.47 | OK | |||
r-devel-windows-x86_64 | 1.0.3 | 5.00 | 53.00 | 58.00 | OK | |
r-patched-linux-x86_64 | 1.0.3 | 3.84 | 30.74 | 34.58 | OK | |
r-release-linux-x86_64 | OK | |||||
r-release-macos-arm64 | 1.0.3 | 20.00 | OK | |||
r-release-macos-x86_64 | 1.0.3 | 33.00 | OK | |||
r-release-windows-x86_64 | 1.0.3 | 4.00 | 53.00 | 57.00 | OK | |
r-oldrel-macos-arm64 | 1.0.3 | 19.00 | OK | |||
r-oldrel-macos-x86_64 | 1.0.3 | 27.00 | OK | |||
r-oldrel-windows-x86_64 | 1.0.3 | 6.00 | 63.00 | 69.00 | OK |
Version: 1.0.3
Check: CRAN incoming feasibility
Result: NOTE
Maintainer: ‘Zhao Yang <yangz98@connect.hku.hk>’
No Authors@R field in DESCRIPTION.
Please add one, modifying
Authors@R: c(person(given = "Zhao",
family = "Yang",
role = c("aut", "cre"),
email = "yangz98@connect.hku.hk"),
person(given = "Ruitao",
family = "Lin",
role = "aut"),
person(given = "Guosheng",
family = "Yin",
role = "aut"),
person(given = "Ying",
family = "Yuan",
role = "aut"))
as necessary.
Flavors: r-devel-linux-x86_64-debian-clang, r-devel-linux-x86_64-debian-gcc