Last updated on 2025-05-03 21:51:17 CEST.
Flavor | Version | Tinstall | Tcheck | Ttotal | Status | Flags |
---|---|---|---|---|---|---|
r-devel-linux-x86_64-debian-clang | 0.1.0 | 13.11 | 363.35 | 376.46 | NOTE | |
r-devel-linux-x86_64-debian-gcc | 0.1.0 | 8.17 | 236.80 | 244.97 | NOTE | |
r-devel-linux-x86_64-fedora-clang | 0.1.0 | 614.22 | NOTE | |||
r-devel-linux-x86_64-fedora-gcc | 0.1.0 | 584.50 | NOTE | |||
r-devel-windows-x86_64 | 0.1.0 | 13.00 | 323.00 | 336.00 | NOTE | |
r-patched-linux-x86_64 | 0.1.0 | 12.05 | 349.45 | 361.50 | NOTE | |
r-release-linux-x86_64 | NOTE | |||||
r-release-macos-arm64 | 0.1.0 | 174.00 | NOTE | |||
r-release-macos-x86_64 | 0.1.0 | 243.00 | NOTE | |||
r-release-windows-x86_64 | 0.1.0 | 13.00 | 320.00 | 333.00 | NOTE | |
r-oldrel-macos-arm64 | 0.1.0 | 170.00 | NOTE | |||
r-oldrel-macos-x86_64 | 0.1.0 | 297.00 | NOTE | |||
r-oldrel-windows-x86_64 | 0.1.0 | 20.00 | 434.00 | 454.00 | NOTE |
Version: 0.1.0
Check: CRAN incoming feasibility
Result: NOTE
Maintainer: ‘Riccardo Giubilei <riccardogbl@gmail.com>’
The Description field contains
Giubilei et al. (2022) <arXiv:2207.04430>.
Please refer to arXiv e-prints via their arXiv DOI <doi:10.48550/arXiv.YYMM.NNNNN>.
Flavors: r-devel-linux-x86_64-debian-clang, r-devel-linux-x86_64-debian-gcc
Version: 0.1.0
Check: Rd files
Result: NOTE
checkRd: (-1) data_cls.Rd:24: Lost braces
24 | \item Graphs: Erd\"{o}s-R\'{e}nyi graphs with connection probability 0.10 for
| ^
checkRd: (-1) data_cls.Rd:24: Lost braces
24 | \item Graphs: Erd\"{o}s-R\'{e}nyi graphs with connection probability 0.10 for
| ^
checkRd: (-1) data_reg.Rd:21: Lost braces
21 | \item Graphs: Erd\"{o}s-R\'{e}nyi graphs with connection probability given by
| ^
checkRd: (-1) data_reg.Rd:21: Lost braces
21 | \item Graphs: Erd\"{o}s-R\'{e}nyi graphs with connection probability given by
| ^
Flavors: r-devel-linux-x86_64-debian-clang, r-devel-linux-x86_64-debian-gcc, r-devel-linux-x86_64-fedora-clang, r-devel-linux-x86_64-fedora-gcc, r-devel-windows-x86_64, r-patched-linux-x86_64, r-release-linux-x86_64, r-release-macos-arm64, r-release-macos-x86_64, r-release-windows-x86_64, r-oldrel-macos-arm64, r-oldrel-macos-x86_64, r-oldrel-windows-x86_64
Version: 0.1.0
Check: installed package size
Result: NOTE
installed size is 5.5Mb
sub-directories of 1Mb or more:
data 4.8Mb
Flavors: r-oldrel-macos-arm64, r-oldrel-macos-x86_64