Last updated on 2025-05-03 12:54:40 CEST.
Flavor | Version | Tinstall | Tcheck | Ttotal | Status | Flags |
---|---|---|---|---|---|---|
r-devel-linux-x86_64-debian-clang | 2.0.2 | 3.66 | 61.62 | 65.28 | NOTE | |
r-devel-linux-x86_64-debian-gcc | 2.0.2 | 2.14 | 43.04 | 45.18 | NOTE | |
r-devel-linux-x86_64-fedora-clang | 2.0.2 | 104.73 | OK | |||
r-devel-linux-x86_64-fedora-gcc | 2.0.2 | 117.83 | OK | |||
r-devel-windows-x86_64 | 2.0.2 | 6.00 | 82.00 | 88.00 | OK | |
r-patched-linux-x86_64 | 2.0.2 | 3.81 | 58.07 | 61.88 | OK | |
r-release-linux-x86_64 | OK | |||||
r-release-macos-arm64 | 2.0.2 | 50.00 | OK | |||
r-release-macos-x86_64 | 2.0.2 | 73.00 | OK | |||
r-release-windows-x86_64 | 2.0.2 | 5.00 | 79.00 | 84.00 | OK | |
r-oldrel-macos-arm64 | 2.0.2 | 39.00 | OK | |||
r-oldrel-macos-x86_64 | 2.0.2 | 57.00 | OK | |||
r-oldrel-windows-x86_64 | 2.0.2 | 5.00 | 101.00 | 106.00 | OK |
Version: 2.0.2
Check: CRAN incoming feasibility
Result: NOTE
Maintainer: ‘Thierry Denoeux <tdenoeux@utc.fr>’
No Authors@R field in DESCRIPTION.
Please add one, modifying
Authors@R: person(given = "Thierry",
family = "Denoeux",
role = c("aut", "cre"),
email = "tdenoeux@utc.fr")
as necessary.
Flavors: r-devel-linux-x86_64-debian-clang, r-devel-linux-x86_64-debian-gcc