Last updated on 2025-05-03 21:51:17 CEST.
Flavor | Version | Tinstall | Tcheck | Ttotal | Status | Flags |
---|---|---|---|---|---|---|
r-devel-linux-x86_64-debian-clang | 1.1.1 | 2.93 | 26.37 | 29.30 | NOTE | |
r-devel-linux-x86_64-debian-gcc | 1.1.1 | 2.13 | 20.29 | 22.42 | NOTE | |
r-devel-linux-x86_64-fedora-clang | 1.1.1 | 42.33 | OK | |||
r-devel-linux-x86_64-fedora-gcc | 1.1.1 | 40.37 | OK | |||
r-devel-windows-x86_64 | 1.1.1 | 4.00 | 61.00 | 65.00 | OK | |
r-patched-linux-x86_64 | 1.1.1 | 2.50 | 23.87 | 26.37 | OK | |
r-release-linux-x86_64 | OK | |||||
r-release-macos-arm64 | 1.1.1 | 22.00 | OK | |||
r-release-macos-x86_64 | 1.1.1 | 32.00 | OK | |||
r-release-windows-x86_64 | 1.1.1 | 4.00 | 50.00 | 54.00 | OK | |
r-oldrel-macos-arm64 | 1.1.1 | 16.00 | OK | |||
r-oldrel-macos-x86_64 | 1.1.1 | 24.00 | OK | |||
r-oldrel-windows-x86_64 | 1.1.1 | 5.00 | 51.00 | 56.00 | OK |
Version: 1.1.1
Check: CRAN incoming feasibility
Result: NOTE
Maintainer: ‘Chris J. Lloyd <c.lloyd@mbs.edu>’
No Authors@R field in DESCRIPTION.
Please add one, modifying
Authors@R: person(given = c("Chris", "J."),
family = "Lloyd",
role = c("aut", "cre"),
email = "c.lloyd@mbs.edu")
as necessary.
Flavors: r-devel-linux-x86_64-debian-clang, r-devel-linux-x86_64-debian-gcc