Last updated on 2025-05-03 12:54:40 CEST.
Flavor | Version | Tinstall | Tcheck | Ttotal | Status | Flags |
---|---|---|---|---|---|---|
r-devel-linux-x86_64-debian-clang | 1.4-4 | 4.27 | 38.74 | 43.01 | NOTE | |
r-devel-linux-x86_64-debian-gcc | 1.4-4 | 3.02 | 30.27 | 33.29 | NOTE | |
r-devel-linux-x86_64-fedora-clang | 1.4-4 | 67.60 | OK | |||
r-devel-linux-x86_64-fedora-gcc | 1.4-4 | 77.75 | OK | |||
r-devel-windows-x86_64 | 1.4-4 | 6.00 | 66.00 | 72.00 | NOTE | |
r-patched-linux-x86_64 | 1.4-4 | 4.13 | 37.35 | 41.48 | NOTE | |
r-release-linux-x86_64 | NOTE | |||||
r-release-macos-arm64 | 1.4-4 | 63.00 | OK | |||
r-release-macos-x86_64 | 1.4-4 | 60.00 | OK | |||
r-release-windows-x86_64 | 1.4-4 | 7.00 | 66.00 | 73.00 | NOTE | |
r-oldrel-macos-arm64 | 1.4-4 | 31.00 | OK | |||
r-oldrel-macos-x86_64 | 1.4-4 | 49.00 | OK | |||
r-oldrel-windows-x86_64 | 1.4-4 | 7.00 | 74.00 | 81.00 | OK |
Version: 1.4-4
Check: CRAN incoming feasibility
Result: NOTE
Maintainer: ‘Michael P. Fay <mfay@niaid.nih.gov>’
No Authors@R field in DESCRIPTION.
Please add one, modifying
Authors@R: person(given = c("Michael", "P."),
family = "Fay",
role = c("aut", "cre"),
email = "mfay@niaid.nih.gov")
as necessary.
Flavors: r-devel-linux-x86_64-debian-clang, r-devel-linux-x86_64-debian-gcc
Version: 1.4-4
Check: Rd cross-references
Result: NOTE
Found the following Rd file(s) with Rd \link{} targets missing package
anchors:
powerBinom.Rd: uniroot.integer
Please provide package anchors for all Rd \link{} targets not in the
package itself and the base packages.
Flavors: r-devel-linux-x86_64-debian-clang, r-devel-linux-x86_64-debian-gcc, r-devel-windows-x86_64, r-patched-linux-x86_64, r-release-linux-x86_64, r-release-windows-x86_64