CRAN Package Check Results for Package extremeStat

Last updated on 2025-05-03 21:51:17 CEST.

Flavor Version Tinstall Tcheck Ttotal Status Flags
r-devel-linux-x86_64-debian-clang 1.5.9 12.57 151.44 164.01 NOTE
r-devel-linux-x86_64-debian-gcc 1.5.9 8.73 103.31 112.04 NOTE
r-devel-linux-x86_64-fedora-clang 1.5.9 258.92 OK
r-devel-linux-x86_64-fedora-gcc 1.5.9 256.27 OK
r-devel-windows-x86_64 1.5.9 13.00 150.00 163.00 NOTE
r-patched-linux-x86_64 1.5.9 12.42 143.83 156.25 NOTE
r-release-linux-x86_64 NOTE
r-release-macos-arm64 1.5.9 80.00 OK
r-release-macos-x86_64 1.5.9 155.00 OK
r-release-windows-x86_64 1.5.9 12.00 149.00 161.00 NOTE
r-oldrel-macos-arm64 1.5.9 70.00 OK
r-oldrel-macos-x86_64 1.5.9 108.00 OK
r-oldrel-windows-x86_64 1.5.9 16.00 196.00 212.00 OK

Check Details

Version: 1.5.9
Check: CRAN incoming feasibility
Result: NOTE Maintainer: ‘Berry Boessenkool <berry-b@gmx.de>’ No Authors@R field in DESCRIPTION. Please add one, modifying Authors@R: person(given = "Berry", family = "Boessenkool", role = c("aut", "cre"), email = "berry-b@gmx.de") as necessary. The BugReports field in DESCRIPTION has https://github.com/brry/extremeStat which should likely be https://github.com/brry/extremeStat/issues instead. Flavors: r-devel-linux-x86_64-debian-clang, r-devel-linux-x86_64-debian-gcc

Version: 1.5.9
Check: Rd cross-references
Result: NOTE Found the following Rd file(s) with Rd \link{} targets missing package anchors: distLquantile.Rd: quantileMean distLweights.Rd: dist.list plotLexBoot.Rd: ciBand plotLextreme.Rd: logAxis plotLfit.Rd: logAxis printL.Rd: rainbow2 Please provide package anchors for all Rd \link{} targets not in the package itself and the base packages. Flavors: r-devel-linux-x86_64-debian-clang, r-devel-linux-x86_64-debian-gcc, r-devel-windows-x86_64, r-patched-linux-x86_64, r-release-linux-x86_64, r-release-windows-x86_64