Last updated on 2025-05-03 12:54:40 CEST.
Flavor | Version | Tinstall | Tcheck | Ttotal | Status | Flags |
---|---|---|---|---|---|---|
r-devel-linux-x86_64-debian-clang | 1.0.2 | 31.39 | 167.55 | 198.94 | NOTE | |
r-devel-linux-x86_64-debian-gcc | 1.0.2 | 19.21 | 119.70 | 138.91 | NOTE | |
r-devel-linux-x86_64-fedora-clang | 1.0.2 | 306.93 | OK | |||
r-devel-linux-x86_64-fedora-gcc | 1.0.2 | 318.81 | OK | |||
r-devel-windows-x86_64 | 1.0.2 | 34.00 | 182.00 | 216.00 | NOTE | |
r-patched-linux-x86_64 | 1.0.2 | 28.75 | 158.93 | 187.68 | NOTE | |
r-release-linux-x86_64 | NOTE | |||||
r-release-macos-arm64 | 1.0.2 | 81.00 | OK | |||
r-release-macos-x86_64 | 1.0.2 | 175.00 | OK | |||
r-release-windows-x86_64 | 1.0.2 | 38.00 | 185.00 | 223.00 | NOTE | |
r-oldrel-macos-arm64 | 1.0.2 | 88.00 | NOTE | |||
r-oldrel-macos-x86_64 | 1.0.2 | 141.00 | NOTE | |||
r-oldrel-windows-x86_64 | 1.0.2 | 43.00 | 238.00 | 281.00 | NOTE |
Version: 1.0.2
Check: Rd cross-references
Result: NOTE
Found the following Rd file(s) with Rd \link{} targets missing package
anchors:
autoplot.ds_radf.Rd: ggplot2
Please provide package anchors for all Rd \link{} targets not in the
package itself and the base packages.
Flavors: r-devel-linux-x86_64-debian-clang, r-devel-linux-x86_64-debian-gcc, r-devel-windows-x86_64, r-patched-linux-x86_64, r-release-linux-x86_64, r-release-windows-x86_64
Version: 1.0.2
Check: package dependencies
Result: NOTE
Package suggested but not available for checking: ‘exuberdata’
Flavors: r-oldrel-macos-arm64, r-oldrel-macos-x86_64, r-oldrel-windows-x86_64