Last updated on 2025-05-03 12:54:40 CEST.
Flavor | Version | Tinstall | Tcheck | Ttotal | Status | Flags |
---|---|---|---|---|---|---|
r-devel-linux-x86_64-debian-clang | 1.2.1 | 5.84 | 80.78 | 86.62 | NOTE | |
r-devel-linux-x86_64-debian-gcc | 1.2.1 | 4.25 | 57.42 | 61.67 | NOTE | |
r-devel-linux-x86_64-fedora-clang | 1.2.1 | 134.15 | NOTE | |||
r-devel-linux-x86_64-fedora-gcc | 1.2.1 | 141.63 | NOTE | |||
r-devel-windows-x86_64 | 1.2.1 | 8.00 | 100.00 | 108.00 | NOTE | |
r-patched-linux-x86_64 | 1.2.1 | 8.05 | 74.14 | 82.19 | NOTE | |
r-release-linux-x86_64 | NOTE | |||||
r-release-macos-arm64 | 1.2.1 | 42.00 | NOTE | |||
r-release-macos-x86_64 | 1.2.1 | 86.00 | NOTE | |||
r-release-windows-x86_64 | 1.2.1 | 9.00 | 102.00 | 111.00 | NOTE | |
r-oldrel-macos-arm64 | 1.2.1 | 45.00 | NOTE | |||
r-oldrel-macos-x86_64 | 1.2.1 | 72.00 | NOTE | |||
r-oldrel-windows-x86_64 | 1.2.1 | 11.00 | 123.00 | 134.00 | NOTE |
Version: 1.2.1
Check: CRAN incoming feasibility
Result: NOTE
Maintainer: ‘Tjebo Heeren <tjebo@gmx.de>’
Package CITATION file contains call(s) to old-style citEntry(). Please
use bibentry() instead.
Flavors: r-devel-linux-x86_64-debian-clang, r-devel-linux-x86_64-debian-gcc
Version: 1.2.1
Check: package subdirectories
Result: NOTE
Problems with news in ‘NEWS.md’:
Cannot extract version info from the following section titles:
Functions and objects (details)
Flavors: r-devel-linux-x86_64-debian-clang, r-devel-linux-x86_64-debian-gcc, r-devel-linux-x86_64-fedora-clang, r-devel-linux-x86_64-fedora-gcc, r-devel-windows-x86_64, r-patched-linux-x86_64, r-release-linux-x86_64, r-release-macos-arm64, r-release-macos-x86_64, r-release-windows-x86_64, r-oldrel-macos-arm64, r-oldrel-macos-x86_64, r-oldrel-windows-x86_64
Version: 1.2.1
Check: Rd files
Result: NOTE
checkRd: (-1) va.Rd:80: Lost braces
80 | \doi{10.1016/s0002-9394(02)01825-1}{Beck et al.}, and
| ^
Flavors: r-devel-linux-x86_64-debian-clang, r-devel-linux-x86_64-debian-gcc, r-devel-linux-x86_64-fedora-clang, r-devel-linux-x86_64-fedora-gcc, r-devel-windows-x86_64, r-patched-linux-x86_64, r-release-linux-x86_64, r-release-macos-arm64, r-release-macos-x86_64, r-release-windows-x86_64, r-oldrel-macos-arm64, r-oldrel-macos-x86_64, r-oldrel-windows-x86_64