Last updated on 2025-07-22 12:49:33 CEST.
Flavor | Version | Tinstall | Tcheck | Ttotal | Status | Flags |
---|---|---|---|---|---|---|
r-devel-linux-x86_64-debian-clang | 1.0.0 | 11.92 | 533.73 | 545.65 | NOTE | |
r-devel-linux-x86_64-debian-gcc | 1.0.0 | 7.53 | 312.42 | 319.95 | NOTE | |
r-devel-linux-x86_64-fedora-clang | 1.0.0 | 865.49 | OK | |||
r-devel-linux-x86_64-fedora-gcc | 1.0.0 | 882.47 | OK | |||
r-devel-windows-x86_64 | 1.0.0 | 12.00 | 450.00 | 462.00 | OK | |
r-patched-linux-x86_64 | 1.0.0 | 10.69 | 498.29 | 508.98 | OK | |
r-release-linux-x86_64 | 1.0.0 | 9.99 | 501.70 | 511.69 | OK | |
r-release-macos-arm64 | 1.0.0 | 315.00 | OK | |||
r-release-macos-x86_64 | 1.0.0 | 498.00 | OK | |||
r-release-windows-x86_64 | 1.0.0 | 13.00 | 451.00 | 464.00 | OK | |
r-oldrel-macos-arm64 | 1.0.0 | 208.00 | OK | |||
r-oldrel-macos-x86_64 | 1.0.0 | 352.00 | OK | |||
r-oldrel-windows-x86_64 | 1.0.0 | 17.00 | 652.00 | 669.00 | OK |
Version: 1.0.0
Check: CRAN incoming feasibility
Result: NOTE
Maintainer: ‘Salil Koner <salil.koner@duke.edu>’
The Description field contains
(2023) <arXiv:2302.05612> respectively.
Please refer to arXiv e-prints via their arXiv DOI <doi:10.48550/arXiv.YYMM.NNNNN>.
Flavors: r-devel-linux-x86_64-debian-clang, r-devel-linux-x86_64-debian-gcc