CRAN Package Check Results for Package factorial2x2

Last updated on 2025-05-03 21:51:17 CEST.

Flavor Version Tinstall Tcheck Ttotal Status Flags
r-devel-linux-x86_64-debian-clang 0.2.0 6.88 64.47 71.35 NOTE
r-devel-linux-x86_64-debian-gcc 0.2.0 5.41 49.22 54.63 NOTE
r-devel-linux-x86_64-fedora-clang 0.2.0 109.97 NOTE
r-devel-linux-x86_64-fedora-gcc 0.2.0 119.76 NOTE
r-devel-windows-x86_64 0.2.0 7.00 87.00 94.00 NOTE
r-patched-linux-x86_64 0.2.0 6.83 61.26 68.09 NOTE
r-release-linux-x86_64 NOTE
r-release-macos-arm64 0.2.0 55.00 NOTE
r-release-macos-x86_64 0.2.0 108.00 NOTE
r-release-windows-x86_64 0.2.0 7.00 86.00 93.00 NOTE
r-oldrel-macos-arm64 0.2.0 40.00 NOTE
r-oldrel-macos-x86_64 0.2.0 58.00 NOTE
r-oldrel-windows-x86_64 0.2.0 10.00 102.00 112.00 NOTE

Check Details

Version: 0.2.0
Check: CRAN incoming feasibility
Result: NOTE Maintainer: ‘Eric Leifer <Eric.Leifer@gmail.com>’ No Authors@R field in DESCRIPTION. Please add one, modifying Authors@R: c(person(given = "Eric", family = "Leifer", role = c("aut", "cre"), email = "eric.leifer@gmail.com"), person(given = "James", family = "Troendle", role = "aut")) as necessary. Flavors: r-devel-linux-x86_64-debian-clang, r-devel-linux-x86_64-debian-gcc

Version: 0.2.0
Check: package subdirectories
Result: NOTE Problems with news in ‘NEWS.md’: Cannot extract version info from the following section titles: minor changes Flavors: r-devel-linux-x86_64-debian-clang, r-devel-linux-x86_64-debian-gcc, r-devel-linux-x86_64-fedora-clang, r-devel-linux-x86_64-fedora-gcc, r-devel-windows-x86_64, r-patched-linux-x86_64, r-release-linux-x86_64, r-release-macos-arm64, r-release-macos-x86_64, r-release-windows-x86_64, r-oldrel-macos-arm64, r-oldrel-macos-x86_64, r-oldrel-windows-x86_64