Last updated on 2025-05-04 03:50:52 CEST.
Flavor | Version | Tinstall | Tcheck | Ttotal | Status | Flags |
---|---|---|---|---|---|---|
r-devel-linux-x86_64-debian-clang | 1.4.0 | 3.39 | 64.43 | 67.82 | NOTE | |
r-devel-linux-x86_64-debian-gcc | 1.4.0 | 2.48 | 53.10 | 55.58 | NOTE | |
r-devel-linux-x86_64-fedora-clang | 1.4.0 | 99.75 | OK | |||
r-devel-linux-x86_64-fedora-gcc | 1.4.0 | 97.25 | OK | |||
r-devel-windows-x86_64 | 1.4.0 | 6.00 | 93.00 | 99.00 | OK | |
r-patched-linux-x86_64 | 1.4.0 | 3.66 | 61.54 | 65.20 | OK | |
r-release-linux-x86_64 | OK | |||||
r-release-macos-arm64 | 1.4.0 | 42.00 | OK | |||
r-release-macos-x86_64 | 1.4.0 | 69.00 | OK | |||
r-release-windows-x86_64 | 1.4.0 | 6.00 | 94.00 | 100.00 | OK | |
r-oldrel-macos-arm64 | 1.4.0 | 32.00 | OK | |||
r-oldrel-macos-x86_64 | 1.4.0 | 48.00 | OK | |||
r-oldrel-windows-x86_64 | 1.4.0 | 7.00 | 107.00 | 114.00 | OK |
Version: 1.4.0
Check: CRAN incoming feasibility
Result: NOTE
Maintainer: ‘Barbara Bodinier <barbara.bodinier@gmail.com>’
No Authors@R field in DESCRIPTION.
Please add one, modifying
Authors@R: person(given = "Barbara",
family = "Bodinier",
role = c("aut", "cre"),
email = "barbara.bodinier@gmail.com")
as necessary.
The Description field contains
(B Bodinier et al (2021) <arXiv:2106.02521>).
Please refer to arXiv e-prints via their arXiv DOI <doi:10.48550/arXiv.YYMM.NNNNN>.
Flavors: r-devel-linux-x86_64-debian-clang, r-devel-linux-x86_64-debian-gcc