CRAN Package Check Results for Package fanplot

Last updated on 2025-05-03 21:51:17 CEST.

Flavor Version Tinstall Tcheck Ttotal Status Flags
r-devel-linux-x86_64-debian-clang 4.0.0 3.42 29.34 32.76 NOTE
r-devel-linux-x86_64-debian-gcc 4.0.0 2.44 22.42 24.86 NOTE
r-devel-linux-x86_64-fedora-clang 4.0.0 51.05 OK
r-devel-linux-x86_64-fedora-gcc 4.0.0 48.52 OK
r-devel-windows-x86_64 4.0.0 5.00 52.00 57.00 OK
r-patched-linux-x86_64 4.0.0 3.51 28.63 32.14 NOTE
r-release-linux-x86_64 NOTE
r-release-macos-arm64 4.0.0 21.00 OK
r-release-macos-x86_64 4.0.0 33.00 OK
r-release-windows-x86_64 4.0.0 5.00 51.00 56.00 OK
r-oldrel-macos-arm64 4.0.0 30.00 OK
r-oldrel-macos-x86_64 4.0.0 30.00 OK
r-oldrel-windows-x86_64 4.0.0 6.00 63.00 69.00 OK

Check Details

Version: 4.0.0
Check: CRAN incoming feasibility
Result: NOTE Maintainer: ‘Guy J. Abel <g.j.abel@gmail.com>’ Package CITATION file contains call(s) to old-style personList() or as.personList(). Please use c() on person objects instead. Package CITATION file contains call(s) to old-style citEntry(). Please use bibentry() instead. Flavors: r-devel-linux-x86_64-debian-clang, r-devel-linux-x86_64-debian-gcc

Version: 4.0.0
Check: for unstated dependencies in ‘demo’
Result: NOTE 'library' or 'require' calls not declared from: ‘RColorBrewer’ ‘colorspace’ ‘zoo’ Flavors: r-devel-linux-x86_64-debian-clang, r-devel-linux-x86_64-debian-gcc, r-patched-linux-x86_64, r-release-linux-x86_64