Last updated on 2025-05-03 21:51:17 CEST.
Flavor | Version | Tinstall | Tcheck | Ttotal | Status | Flags |
---|---|---|---|---|---|---|
r-devel-linux-x86_64-debian-clang | 1.0.1 | 9.08 | 24.97 | 34.05 | NOTE | |
r-devel-linux-x86_64-debian-gcc | 1.0.1 | 6.77 | 19.57 | 26.34 | NOTE | |
r-devel-linux-x86_64-fedora-clang | 1.0.1 | 57.67 | OK | |||
r-devel-linux-x86_64-fedora-gcc | 1.0.1 | 56.44 | OK | |||
r-devel-windows-x86_64 | 1.0.1 | 14.00 | 74.00 | 88.00 | OK | |
r-patched-linux-x86_64 | 1.0.1 | 8.67 | 24.00 | 32.67 | OK | |
r-release-linux-x86_64 | OK | |||||
r-release-macos-arm64 | 1.0.1 | 23.00 | OK | |||
r-release-macos-x86_64 | 1.0.1 | 37.00 | OK | |||
r-release-windows-x86_64 | 1.0.1 | 15.00 | 63.00 | 78.00 | OK | |
r-oldrel-macos-arm64 | 1.0.1 | 28.00 | OK | |||
r-oldrel-macos-x86_64 | 1.0.1 | 30.00 | OK | |||
r-oldrel-windows-x86_64 | 1.0.1 | 14.00 | 70.00 | 84.00 | OK |
Version: 1.0.1
Check: CRAN incoming feasibility
Result: NOTE
Maintainer: ‘Alexander W Blocker <ablocker@gmail.com>’
No Authors@R field in DESCRIPTION.
Please add one, modifying
Authors@R: person(given = c("Alexander", "W"),
family = "Blocker",
role = c("aut", "cre"),
email = "ablocker@gmail.com")
as necessary.
Flavors: r-devel-linux-x86_64-debian-clang, r-devel-linux-x86_64-debian-gcc