CRAN Package Check Results for Package fastGraph

Last updated on 2025-05-07 12:50:22 CEST.

Flavor Version Tinstall Tcheck Ttotal Status Flags
r-devel-linux-x86_64-debian-clang 2.1 2.89 33.63 36.52 NOTE
r-devel-linux-x86_64-debian-gcc 2.1 2.30 25.18 27.48 NOTE
r-devel-linux-x86_64-fedora-clang 2.1 55.57 OK
r-devel-linux-x86_64-fedora-gcc 2.1 54.37 OK
r-devel-windows-x86_64 2.1 4.00 65.00 69.00 OK
r-patched-linux-x86_64 2.1 3.06 32.58 35.64 OK
r-release-linux-x86_64 2.1 2.97 32.37 35.34 OK
r-release-macos-arm64 2.1 26.00 OK
r-release-macos-x86_64 2.1 46.00 OK
r-release-windows-x86_64 2.1 3.00 59.00 62.00 OK
r-oldrel-macos-arm64 2.1 23.00 OK
r-oldrel-macos-x86_64 2.1 35.00 OK
r-oldrel-windows-x86_64 2.1 5.00 64.00 69.00 OK

Check Details

Version: 2.1
Check: CRAN incoming feasibility
Result: NOTE Maintainer: ‘Steven T. Garren <garrenst@jmu.edu>’ No Authors@R field in DESCRIPTION. Please add one, modifying Authors@R: person(given = c("Steven", "T."), family = "Garren", role = c("aut", "cre"), email = "garrenst@jmu.edu") as necessary. Flavors: r-devel-linux-x86_64-debian-clang, r-devel-linux-x86_64-debian-gcc