Last updated on 2025-05-03 21:51:17 CEST.
Flavor | Version | Tinstall | Tcheck | Ttotal | Status | Flags |
---|---|---|---|---|---|---|
r-devel-linux-x86_64-debian-clang | 1.0.6 | 17.12 | 37.33 | 54.45 | NOTE | |
r-devel-linux-x86_64-debian-gcc | 1.0.8 | 12.68 | 29.25 | 41.93 | OK | |
r-devel-linux-x86_64-fedora-clang | 1.0.8 | 100.86 | OK | |||
r-devel-linux-x86_64-fedora-gcc | 1.0.8 | 109.13 | OK | |||
r-devel-windows-x86_64 | 1.0.6 | 19.00 | 88.00 | 107.00 | NOTE | |
r-patched-linux-x86_64 | 1.0.8 | 17.41 | 35.78 | 53.19 | OK | |
r-release-linux-x86_64 | NOTE | |||||
r-release-macos-arm64 | 1.0.8 | 86.00 | OK | |||
r-release-macos-x86_64 | 1.0.8 | 110.00 | OK | |||
r-release-windows-x86_64 | 1.0.8 | 22.00 | 89.00 | 111.00 | OK | |
r-oldrel-macos-arm64 | 1.0.8 | 77.00 | OK | |||
r-oldrel-macos-x86_64 | 1.0.8 | 102.00 | OK | |||
r-oldrel-windows-x86_64 | 1.0.8 | 29.00 | 105.00 | 134.00 | OK |
Version: 1.0.6
Check: CRAN incoming feasibility
Result: NOTE
Maintainer: ‘Alexander Sibley <dcibioinformatics@duke.edu>’
No Authors@R field in DESCRIPTION.
Please add one, modifying
Authors@R: c(person(given = "Jiaxing",
family = "Lin",
role = "aut"),
person(given = "Alexander",
family = "Sibley",
role = c("aut", "cre"),
email = "dcibioinformatics@duke.edu"),
person(given = "Ivo",
family = "Shterev",
role = "aut"),
person(given = "Kouros",
family = "Owzar",
role = "aut"))
as necessary.
Package CITATION file contains call(s) to old-style personList() or
as.personList(). Please use c() on person objects instead.
Package CITATION file contains call(s) to old-style citEntry(). Please
use bibentry() instead.
Flavor: r-devel-linux-x86_64-debian-clang
Version: 1.0.6
Check: C++ specification
Result: NOTE
Specified C++11: please drop specification unless essential
Flavors: r-devel-linux-x86_64-debian-clang, r-devel-windows-x86_64, r-release-linux-x86_64
Version: 1.0.6
Check: Rd cross-references
Result: NOTE
Found the following Rd file(s) with Rd \link{} targets missing package
anchors:
fastJT-package.Rd: Rcpp
Please provide package anchors for all Rd \link{} targets not in the
package itself and the base packages.
Flavors: r-devel-linux-x86_64-debian-clang, r-devel-windows-x86_64, r-release-linux-x86_64