Last updated on 2025-05-03 21:51:17 CEST.
Flavor | Version | Tinstall | Tcheck | Ttotal | Status | Flags |
---|---|---|---|---|---|---|
r-devel-linux-x86_64-debian-clang | 0.2.7 | 19.95 | 27.74 | 47.69 | NOTE | |
r-devel-linux-x86_64-debian-gcc | 0.2.7 | 16.62 | 21.85 | 38.47 | NOTE | |
r-devel-linux-x86_64-fedora-clang | 0.2.7 | 86.77 | NOTE | |||
r-devel-linux-x86_64-fedora-gcc | 0.2.7 | 90.05 | NOTE | |||
r-devel-windows-x86_64 | 0.2.7 | 29.00 | 74.00 | 103.00 | NOTE | |
r-patched-linux-x86_64 | 0.2.7 | 22.32 | 27.39 | 49.71 | NOTE | |
r-release-linux-x86_64 | NOTE | |||||
r-release-macos-arm64 | 0.2.7 | 30.00 | NOTE | |||
r-release-macos-x86_64 | 0.2.7 | 44.00 | NOTE | |||
r-release-windows-x86_64 | 0.2.7 | 28.00 | 70.00 | 98.00 | NOTE | |
r-oldrel-macos-arm64 | 0.2.7 | 28.00 | NOTE | |||
r-oldrel-macos-x86_64 | 0.2.7 | 39.00 | NOTE | |||
r-oldrel-windows-x86_64 | 0.2.7 | 32.00 | 81.00 | 113.00 | NOTE |
Version: 0.2.7
Check: CRAN incoming feasibility
Result: NOTE
Maintainer: ‘Dean Bodenham <deanbodenhambsse@gmail.com>’
No Authors@R field in DESCRIPTION.
Please add one, modifying
Authors@R: c(person(given = c("Felipe", "Llinares"),
family = "Lopez",
role = "aut"),
person(given = "Dean",
family = "Bodenham",
role = c("aut", "cre"),
email = "deanbodenhambsse@gmail.com"))
as necessary.
Flavors: r-devel-linux-x86_64-debian-clang, r-devel-linux-x86_64-debian-gcc
Version: 0.2.7
Check: C++ specification
Result: NOTE
Specified C++11: please drop specification unless essential
Flavors: r-devel-linux-x86_64-debian-clang, r-devel-linux-x86_64-debian-gcc, r-devel-linux-x86_64-fedora-clang, r-devel-linux-x86_64-fedora-gcc, r-devel-windows-x86_64, r-patched-linux-x86_64, r-release-linux-x86_64, r-release-macos-arm64, r-release-macos-x86_64, r-release-windows-x86_64, r-oldrel-macos-arm64, r-oldrel-macos-x86_64, r-oldrel-windows-x86_64
Version: 0.2.7
Check: compiled code
Result: NOTE
File ‘fastcmh/libs/fastcmh.so’:
Found no calls to: ‘R_registerRoutines’, ‘R_useDynamicSymbols’
It is good practice to register native routines and to disable symbol
search.
See ‘Writing portable packages’ in the ‘Writing R Extensions’ manual.
Flavors: r-devel-linux-x86_64-fedora-clang, r-devel-linux-x86_64-fedora-gcc