Last updated on 2024-06-17 06:50:16 CEST.
Flavor | Version | Tinstall | Tcheck | Ttotal | Status | Flags |
---|---|---|---|---|---|---|
r-devel-linux-x86_64-debian-clang | 0.1.0 | 195.50 | 171.97 | 367.47 | NOTE | |
r-devel-linux-x86_64-debian-gcc | 0.1.0 | 157.10 | 131.01 | 288.11 | NOTE | |
r-devel-linux-x86_64-fedora-clang | 0.1.0 | 451.65 | NOTE | |||
r-devel-linux-x86_64-fedora-gcc | 0.1.0 | 540.71 | NOTE | |||
r-devel-windows-x86_64 | 0.1.0 | 150.00 | 149.00 | 299.00 | NOTE | |
r-patched-linux-x86_64 | 0.1.0 | 127.13 | 175.22 | 302.35 | NOTE | |
r-release-linux-x86_64 | 0.1.0 | 165.43 | 173.65 | 339.08 | NOTE | |
r-release-macos-arm64 | 0.1.0 | 118.00 | NOTE | |||
r-release-macos-x86_64 | 0.1.0 | 179.00 | NOTE | |||
r-release-windows-x86_64 | 0.1.0 | 140.00 | 148.00 | 288.00 | NOTE | |
r-oldrel-macos-arm64 | 0.1.0 | 102.00 | NOTE | |||
r-oldrel-macos-x86_64 | 0.1.0 | 144.00 | NOTE | |||
r-oldrel-windows-x86_64 | 0.1.0 | 185.00 | 189.00 | 374.00 | NOTE |
Version: 0.1.0
Check: for GNU extensions in Makefiles
Result: NOTE
GNU make is a SystemRequirements.
Flavors: r-devel-linux-x86_64-debian-clang, r-devel-linux-x86_64-debian-gcc, r-devel-linux-x86_64-fedora-clang, r-devel-linux-x86_64-fedora-gcc, r-devel-windows-x86_64, r-patched-linux-x86_64, r-release-linux-x86_64, r-release-macos-arm64, r-release-macos-x86_64, r-release-windows-x86_64, r-oldrel-macos-arm64, r-oldrel-macos-x86_64, r-oldrel-windows-x86_64
Version: 0.1.0
Check: dependencies in R code
Result: NOTE
Namespaces in Imports field not imported from:
‘RcppParallel’ ‘rstantools’
All declared Imports should be used.
Flavors: r-devel-linux-x86_64-fedora-clang, r-devel-linux-x86_64-fedora-gcc
Version: 0.1.0
Check: installed package size
Result: NOTE
installed size is 48.3Mb
sub-directories of 1Mb or more:
libs 47.8Mb
Flavors: r-release-macos-arm64, r-release-macos-x86_64, r-oldrel-macos-arm64, r-oldrel-macos-x86_64