Last updated on 2025-05-03 21:51:18 CEST.
Flavor | Version | Tinstall | Tcheck | Ttotal | Status | Flags |
---|---|---|---|---|---|---|
r-devel-linux-x86_64-debian-clang | 1.1.1 | 24.45 | 22.53 | 46.98 | NOTE | |
r-devel-linux-x86_64-debian-gcc | 1.1.1 | 16.80 | 18.35 | 35.15 | NOTE | |
r-devel-linux-x86_64-fedora-clang | 1.1.1 | 77.64 | NOTE | |||
r-devel-linux-x86_64-fedora-gcc | 1.1.1 | 80.32 | NOTE | |||
r-devel-windows-x86_64 | 1.1.1 | 28.00 | 63.00 | 91.00 | NOTE | |
r-patched-linux-x86_64 | 1.1.1 | 24.06 | 21.15 | 45.21 | NOTE | |
r-release-linux-x86_64 | NOTE | |||||
r-release-macos-arm64 | 1.1.1 | 30.00 | NOTE | |||
r-release-macos-x86_64 | 1.1.1 | 51.00 | NOTE | |||
r-release-windows-x86_64 | 1.1.1 | 28.00 | 62.00 | 90.00 | NOTE | |
r-oldrel-macos-arm64 | 1.1.1 | 27.00 | NOTE | |||
r-oldrel-macos-x86_64 | 1.1.1 | 36.00 | NOTE | |||
r-oldrel-windows-x86_64 | 1.1.1 | 33.00 | 75.00 | 108.00 | NOTE |
Version: 1.1.1
Check: CRAN incoming feasibility
Result: NOTE
Maintainer: ‘Niels Olsen <nalo@dtu.dk>’
No Authors@R field in DESCRIPTION.
Please add one, modifying
Authors@R: person(given = "Niels",
family = "Olsen",
role = c("aut", "cre"),
email = "nalo@dtu.dk")
as necessary.
Flavors: r-devel-linux-x86_64-debian-clang, r-devel-linux-x86_64-debian-gcc
Version: 1.1.1
Check: C++ specification
Result: NOTE
Specified C++11: please drop specification unless essential
Flavors: r-devel-linux-x86_64-debian-clang, r-devel-linux-x86_64-debian-gcc, r-devel-linux-x86_64-fedora-clang, r-devel-linux-x86_64-fedora-gcc, r-devel-windows-x86_64, r-patched-linux-x86_64, r-release-linux-x86_64, r-release-macos-arm64, r-release-macos-x86_64, r-release-windows-x86_64, r-oldrel-macos-arm64, r-oldrel-macos-x86_64, r-oldrel-windows-x86_64