Last updated on 2025-05-03 21:51:18 CEST.
Flavor | Version | Tinstall | Tcheck | Ttotal | Status | Flags |
---|---|---|---|---|---|---|
r-devel-linux-x86_64-debian-clang | 2.4 | 5.36 | 51.85 | 57.21 | NOTE | |
r-devel-linux-x86_64-debian-gcc | 2.4 | 3.86 | 37.88 | 41.74 | NOTE | |
r-devel-linux-x86_64-fedora-clang | 2.4 | 96.28 | OK | |||
r-devel-linux-x86_64-fedora-gcc | 2.4 | 98.71 | OK | |||
r-devel-windows-x86_64 | 2.4 | 7.00 | 65.00 | 72.00 | OK | |
r-patched-linux-x86_64 | 2.4 | 5.20 | 48.61 | 53.81 | OK | |
r-release-linux-x86_64 | OK | |||||
r-release-macos-arm64 | 2.4 | 54.00 | OK | |||
r-release-macos-x86_64 | 2.4 | 92.00 | OK | |||
r-release-windows-x86_64 | 2.4 | 7.00 | 71.00 | 78.00 | OK | |
r-oldrel-macos-arm64 | 2.4 | 33.00 | OK | |||
r-oldrel-macos-x86_64 | 2.4 | 66.00 | OK | |||
r-oldrel-windows-x86_64 | 2.4 | 9.00 | 80.00 | 89.00 | OK |
Version: 2.4
Check: CRAN incoming feasibility
Result: NOTE
Maintainer: ‘Joshua Millstein <joshua.millstein@usc.edu>’
Package CITATION file contains call(s) to old-style personList() or
as.personList(). Please use c() on person objects instead.
Package CITATION file contains call(s) to old-style citEntry(). Please
use bibentry() instead.
Flavors: r-devel-linux-x86_64-debian-clang, r-devel-linux-x86_64-debian-gcc