Last updated on 2025-05-03 21:51:18 CEST.
Flavor | Version | Tinstall | Tcheck | Ttotal | Status | Flags |
---|---|---|---|---|---|---|
r-devel-linux-x86_64-debian-clang | 1.0 | 13.22 | 104.76 | 117.98 | NOTE | |
r-devel-linux-x86_64-debian-gcc | 1.0 | 10.33 | 76.74 | 87.07 | NOTE | |
r-devel-linux-x86_64-fedora-clang | 1.0 | 177.87 | OK | |||
r-devel-linux-x86_64-fedora-gcc | 1.0 | 175.46 | OK | |||
r-devel-windows-x86_64 | 1.0 | 14.00 | 110.00 | 124.00 | OK | |
r-patched-linux-x86_64 | 1.0 | 13.97 | 99.09 | 113.06 | OK | |
r-release-linux-x86_64 | OK | |||||
r-release-macos-arm64 | 1.0 | 52.00 | OK | |||
r-release-macos-x86_64 | 1.0 | 92.00 | OK | |||
r-release-windows-x86_64 | 1.0 | 14.00 | 103.00 | 117.00 | OK | |
r-oldrel-macos-arm64 | 1.0 | 44.00 | OK | |||
r-oldrel-macos-x86_64 | 1.0 | 70.00 | OK | |||
r-oldrel-windows-x86_64 | 1.0 | 18.00 | 133.00 | 151.00 | OK |
Version: 1.0
Check: CRAN incoming feasibility
Result: NOTE
Maintainer: ‘Thuan Nguyen <nguythua@ohsu.edu>’
No Authors@R field in DESCRIPTION.
Please add one, modifying
Authors@R: c(person(given = "Jiming",
family = "Jiang",
role = "aut"),
person(given = "Jianyang",
family = "Zhao",
role = "aut"),
person(given = c("J.", "Sunil"),
family = "Rao",
role = "aut"),
person(given = "Thuan",
family = "Nguyen",
role = c("aut", "cre"),
email = "nguythua@ohsu.edu"))
as necessary.
Flavors: r-devel-linux-x86_64-debian-clang, r-devel-linux-x86_64-debian-gcc