Last updated on 2025-05-03 21:51:18 CEST.
Flavor | Version | Tinstall | Tcheck | Ttotal | Status | Flags |
---|---|---|---|---|---|---|
r-devel-linux-x86_64-debian-clang | 0.6.2 | 7.44 | 63.08 | 70.52 | NOTE | |
r-devel-linux-x86_64-debian-gcc | 0.6.2 | 4.81 | 48.68 | 53.49 | NOTE | |
r-devel-linux-x86_64-fedora-clang | 0.6.2 | 108.32 | NOTE | |||
r-devel-linux-x86_64-fedora-gcc | 0.6.2 | 118.88 | NOTE | |||
r-devel-windows-x86_64 | 0.6.2 | 12.00 | 115.00 | 127.00 | NOTE | |
r-patched-linux-x86_64 | 0.6.2 | 8.92 | 59.67 | 68.59 | NOTE | |
r-release-linux-x86_64 | NOTE | |||||
r-release-macos-arm64 | 0.6.2 | 47.00 | NOTE | |||
r-release-macos-x86_64 | 0.6.2 | 79.00 | NOTE | |||
r-release-windows-x86_64 | 0.6.2 | 12.00 | 106.00 | 118.00 | NOTE | |
r-oldrel-macos-arm64 | 0.6.2 | 47.00 | NOTE | |||
r-oldrel-macos-x86_64 | 0.6.2 | 69.00 | NOTE | |||
r-oldrel-windows-x86_64 | 0.6.2 | 11.00 | 127.00 | 138.00 | NOTE |
Version: 0.6.2
Check: CRAN incoming feasibility
Result: NOTE
Maintainer: ‘Albert Y. Kim <albert.ys.kim@gmail.com>’
Package CITATION file contains call(s) to old-style personList() or
as.personList(). Please use c() on person objects instead.
Package CITATION file contains call(s) to old-style citEntry(). Please
use bibentry() instead.
Flavors: r-devel-linux-x86_64-debian-clang, r-devel-linux-x86_64-debian-gcc
Version: 0.6.2
Check: Rd files
Result: NOTE
checkRd: (-1) food_world_cup.Rd:70: Lost braces in \itemize; meant \describe ?
checkRd: (-1) food_world_cup.Rd:71: Lost braces in \itemize; meant \describe ?
checkRd: (-1) food_world_cup.Rd:72: Lost braces in \itemize; meant \describe ?
checkRd: (-1) food_world_cup.Rd:73: Lost braces in \itemize; meant \describe ?
checkRd: (-1) food_world_cup.Rd:74: Lost braces in \itemize; meant \describe ?
checkRd: (-1) food_world_cup.Rd:75: Lost braces in \itemize; meant \describe ?
Flavors: r-devel-linux-x86_64-debian-clang, r-devel-linux-x86_64-debian-gcc, r-devel-linux-x86_64-fedora-clang, r-devel-linux-x86_64-fedora-gcc, r-devel-windows-x86_64, r-patched-linux-x86_64, r-release-linux-x86_64, r-release-macos-arm64, r-release-macos-x86_64, r-release-windows-x86_64, r-oldrel-macos-arm64, r-oldrel-macos-x86_64, r-oldrel-windows-x86_64
Version: 0.6.2
Check: package dependencies
Result: NOTE
Package suggested but not available for checking: ‘fivethirtyeightdata’
Flavors: r-oldrel-macos-arm64, r-oldrel-macos-x86_64, r-oldrel-windows-x86_64
Version: 0.6.2
Check: Rd cross-references
Result: NOTE
Package unavailable to check Rd xrefs: ‘fivethirtyeightdata’
Flavors: r-oldrel-macos-arm64, r-oldrel-macos-x86_64, r-oldrel-windows-x86_64