Last updated on 2025-05-03 12:54:41 CEST.
Flavor | Version | Tinstall | Tcheck | Ttotal | Status | Flags |
---|---|---|---|---|---|---|
r-devel-linux-x86_64-debian-clang | 0.12.1 | 90.96 | 285.13 | 376.09 | NOTE | |
r-devel-linux-x86_64-debian-gcc | 0.12.1 | 64.97 | 191.40 | 256.37 | NOTE | |
r-devel-linux-x86_64-fedora-clang | 0.12.1 | 663.84 | OK | |||
r-devel-linux-x86_64-fedora-gcc | 0.12.1 | 649.58 | OK | |||
r-devel-windows-x86_64 | 0.12.1 | 106.00 | 313.00 | 419.00 | NOTE | |
r-patched-linux-x86_64 | 0.12.1 | 100.43 | 271.92 | 372.35 | NOTE | |
r-release-linux-x86_64 | NOTE | |||||
r-release-macos-arm64 | 0.12.1 | 174.00 | OK | |||
r-release-macos-x86_64 | 0.12.1 | 292.00 | OK | |||
r-release-windows-x86_64 | 0.12.1 | 107.00 | 332.00 | 439.00 | NOTE | |
r-oldrel-macos-arm64 | 0.12.1 | 183.00 | NOTE | |||
r-oldrel-macos-x86_64 | 0.12.1 | 460.00 | NOTE | |||
r-oldrel-windows-x86_64 | 0.12.1 | 131.00 | 401.00 | 532.00 | NOTE |
Version: 0.12.1
Check: Rd cross-references
Result: NOTE
Found the following Rd file(s) with Rd \link{} targets missing package
anchors:
feNmlm.Rd: jacobian, genD
Please provide package anchors for all Rd \link{} targets not in the
package itself and the base packages.
Flavors: r-devel-linux-x86_64-debian-clang, r-devel-linux-x86_64-debian-gcc, r-devel-windows-x86_64, r-patched-linux-x86_64, r-release-linux-x86_64, r-release-windows-x86_64
Version: 0.12.1
Check: installed package size
Result: NOTE
installed size is 11.8Mb
sub-directories of 1Mb or more:
R 2.0Mb
doc 3.6Mb
libs 5.0Mb
Flavors: r-oldrel-macos-arm64, r-oldrel-macos-x86_64, r-oldrel-windows-x86_64