Last updated on 2025-05-03 21:51:18 CEST.
Flavor | Version | Tinstall | Tcheck | Ttotal | Status | Flags |
---|---|---|---|---|---|---|
r-devel-linux-x86_64-debian-clang | 1.3-0 | 18.70 | 31.38 | 50.08 | NOTE | |
r-devel-linux-x86_64-debian-gcc | 1.3-0 | 13.46 | 23.98 | 37.44 | NOTE | |
r-devel-linux-x86_64-fedora-clang | 1.3-0 | 87.39 | OK | |||
r-devel-linux-x86_64-fedora-gcc | 1.3-0 | 87.26 | OK | |||
r-devel-windows-x86_64 | 1.3-0 | 23.00 | 74.00 | 97.00 | OK | |
r-patched-linux-x86_64 | 1.3-0 | 20.44 | 30.65 | 51.09 | OK | |
r-release-linux-x86_64 | OK | |||||
r-release-macos-arm64 | 1.3-0 | 29.00 | OK | |||
r-release-macos-x86_64 | 1.3-0 | 42.00 | OK | |||
r-release-windows-x86_64 | 1.3-0 | 23.00 | 72.00 | 95.00 | OK | |
r-oldrel-macos-arm64 | 1.3-0 | 28.00 | NOTE | |||
r-oldrel-macos-x86_64 | 1.3-0 | 37.00 | NOTE | |||
r-oldrel-windows-x86_64 | 1.3-0 | 23.00 | 82.00 | 105.00 | NOTE |
Version: 1.3-0
Check: CRAN incoming feasibility
Result: NOTE
Maintainer: ‘Tobias Kley <tobias.kley@bristol.ac.uk>’
The Description field contains
<arXiv:1611.04460>.
Please refer to arXiv e-prints via their arXiv DOI <doi:10.48550/arXiv.YYMM.NNNNN>.
Flavors: r-devel-linux-x86_64-debian-clang, r-devel-linux-x86_64-debian-gcc
Version: 1.3-0
Check: LazyData
Result: NOTE
'LazyData' is specified without a 'data' directory
Flavors: r-oldrel-macos-arm64, r-oldrel-macos-x86_64, r-oldrel-windows-x86_64