Last updated on 2025-05-03 12:54:41 CEST.
Flavor | Version | Tinstall | Tcheck | Ttotal | Status | Flags |
---|---|---|---|---|---|---|
r-devel-linux-x86_64-debian-clang | 1.1.0 | 3.22 | 30.97 | 34.19 | NOTE | |
r-devel-linux-x86_64-debian-gcc | 1.1.0 | 2.28 | 22.68 | 24.96 | NOTE | |
r-devel-linux-x86_64-fedora-clang | 1.1.0 | 51.03 | OK | |||
r-devel-linux-x86_64-fedora-gcc | 1.1.0 | 46.66 | OK | |||
r-devel-windows-x86_64 | 1.1.0 | 5.00 | 56.00 | 61.00 | OK | |
r-patched-linux-x86_64 | 1.1.0 | 3.08 | 28.07 | 31.15 | OK | |
r-release-linux-x86_64 | OK | |||||
r-release-macos-arm64 | 1.1.0 | 21.00 | OK | |||
r-release-macos-x86_64 | 1.1.0 | 34.00 | OK | |||
r-release-windows-x86_64 | 1.1.0 | 5.00 | 48.00 | 53.00 | OK | |
r-oldrel-macos-arm64 | 1.1.0 | 19.00 | OK | |||
r-oldrel-macos-x86_64 | 1.1.0 | 27.00 | OK | |||
r-oldrel-windows-x86_64 | 1.1.0 | 5.00 | 54.00 | 59.00 | OK |
Version: 1.1.0
Check: CRAN incoming feasibility
Result: NOTE
Maintainer: ‘Benjamin Lu <b.lu@berkeley.edu>’
No Authors@R field in DESCRIPTION.
Please add one, modifying
Authors@R: c(person(given = "Benjamin",
family = "Lu",
role = c("aut", "cre"),
email = "b.lu@berkeley.edu"),
person(given = "Johanna",
family = "Hardin",
role = "aut"))
as necessary.
Package CITATION file contains call(s) to old-style personList() or
as.personList(). Please use c() on person objects instead.
Package CITATION file contains call(s) to old-style citEntry(). Please
use bibentry() instead.
Flavors: r-devel-linux-x86_64-debian-clang, r-devel-linux-x86_64-debian-gcc