CRAN Package Check Results for Package forestPSD

Last updated on 2025-07-25 21:49:40 CEST.

Flavor Version Tinstall Tcheck Ttotal Status Flags
r-devel-linux-x86_64-debian-clang 1.0.0 1.86 22.06 23.92 OK
r-devel-linux-x86_64-debian-gcc 1.0.0 1.58 17.76 19.34 OK
r-devel-linux-x86_64-fedora-clang 1.0.0 36.95 NOTE
r-devel-linux-x86_64-fedora-gcc 1.0.0 34.83 NOTE
r-devel-windows-x86_64 1.0.0 4.00 50.00 54.00 OK
r-patched-linux-x86_64 1.0.0 1.57 20.89 22.46 OK
r-release-linux-x86_64 1.0.0 1.79 21.42 23.21 OK
r-release-macos-arm64 1.0.0 32.00 OK
r-release-macos-x86_64 1.0.0 27.00 OK
r-release-windows-x86_64 1.0.0 3.00 44.00 47.00 OK
r-oldrel-macos-arm64 1.0.0 18.00 OK
r-oldrel-macos-x86_64 1.0.0 26.00 OK
r-oldrel-windows-x86_64 1.0.0 4.00 54.00 58.00 OK

Check Details

Version: 1.0.0
Check: dependencies in R code
Result: NOTE Namespaces in Imports field not imported from: ‘ggplot2’ ‘reshape2’ All declared Imports should be used. Flavors: r-devel-linux-x86_64-fedora-clang, r-devel-linux-x86_64-fedora-gcc