Last updated on 2025-11-25 12:49:48 CET.
| Flavor | Version | Tinstall | Tcheck | Ttotal | Status | Flags |
|---|---|---|---|---|---|---|
| r-devel-linux-x86_64-debian-clang | 1.7.1 | 3.17 | 28.94 | 32.11 | OK | |
| r-devel-linux-x86_64-debian-gcc | 1.7.1 | 2.47 | 23.12 | 25.59 | OK | |
| r-devel-linux-x86_64-fedora-clang | 1.7.1 | 46.42 | OK | |||
| r-devel-linux-x86_64-fedora-gcc | 1.7.1 | 43.40 | OK | |||
| r-devel-windows-x86_64 | 1.7.1 | 7.00 | 46.00 | 53.00 | OK | |
| r-patched-linux-x86_64 | 1.7.1 | 3.30 | 26.04 | 29.34 | OK | |
| r-release-linux-x86_64 | 1.7.1 | 2.90 | 26.62 | 29.52 | OK | |
| r-release-macos-arm64 | 1.7.1 | OK | ||||
| r-release-macos-x86_64 | 1.7.1 | 3.00 | 28.00 | 31.00 | OK | |
| r-release-windows-x86_64 | 1.7.1 | 5.00 | 46.00 | 51.00 | OK | |
| r-oldrel-macos-arm64 | 1.7.1 | NOTE | ||||
| r-oldrel-macos-x86_64 | 1.7.1 | 2.00 | 26.00 | 28.00 | NOTE | |
| r-oldrel-windows-x86_64 | 1.7.1 | 6.00 | 52.00 | 58.00 | NOTE |
Version: 1.7.1
Check: LazyData
Result: NOTE
'LazyData' is specified without a 'data' directory
Flavors: r-oldrel-macos-arm64, r-oldrel-macos-x86_64, r-oldrel-windows-x86_64