Last updated on 2025-05-07 06:49:49 CEST.
Flavor | Version | Tinstall | Tcheck | Ttotal | Status | Flags |
---|---|---|---|---|---|---|
r-devel-linux-x86_64-debian-clang | 2.3 | 11.34 | 82.75 | 94.09 | NOTE | |
r-devel-linux-x86_64-debian-gcc | 2.3 | 8.79 | 56.70 | 65.49 | NOTE | |
r-devel-linux-x86_64-fedora-clang | 2.3 | 149.41 | OK | |||
r-devel-linux-x86_64-fedora-gcc | 2.3 | 144.25 | OK | |||
r-devel-windows-x86_64 | 2.3 | 14.00 | 87.00 | 101.00 | OK | |
r-patched-linux-x86_64 | 2.3 | 14.52 | 79.88 | 94.40 | OK | |
r-release-linux-x86_64 | 2.3 | 11.25 | 77.86 | 89.11 | OK | |
r-release-macos-arm64 | 2.3 | 47.00 | OK | |||
r-release-macos-x86_64 | 2.3 | 84.00 | OK | |||
r-release-windows-x86_64 | 2.3 | 15.00 | 87.00 | 102.00 | OK | |
r-oldrel-macos-arm64 | 2.3 | 40.00 | OK | |||
r-oldrel-macos-x86_64 | 2.3 | 63.00 | OK | |||
r-oldrel-windows-x86_64 | 2.3 | 19.00 | 107.00 | 126.00 | OK |
Version: 2.3
Check: CRAN incoming feasibility
Result: NOTE
Maintainer: ‘Maengseok Noh <msnoh@pknu.ac.kr>’
No Authors@R field in DESCRIPTION.
Please add one, modifying
Authors@R: c(person(given = c("Il", "Do"),
family = "Ha",
role = "aut"),
person(given = "Maengseok",
family = "Noh",
role = c("aut", "cre"),
email = "msnoh@pknu.ac.kr"),
person(given = "Jiwoong",
family = "Kim",
role = "aut"),
person(given = "Youngjo",
family = "Lee",
role = "aut"))
as necessary.
Flavors: r-devel-linux-x86_64-debian-clang, r-devel-linux-x86_64-debian-gcc