Last updated on 2024-06-16 11:57:56 CEST.
Flavor | Version | Tinstall | Tcheck | Ttotal | Status | Flags |
---|---|---|---|---|---|---|
r-devel-linux-x86_64-debian-clang | 1.1-1 | 35.92 | 250.32 | 286.24 | NOTE | |
r-devel-linux-x86_64-debian-gcc | 1.1-1 | 22.29 | 168.73 | 191.02 | NOTE | |
r-devel-linux-x86_64-fedora-clang | 1.1-1 | 339.52 | NOTE | |||
r-devel-linux-x86_64-fedora-gcc | 1.1-1 | 343.77 | NOTE | |||
r-devel-windows-x86_64 | 1.1-1 | 26.00 | 198.00 | 224.00 | NOTE | |
r-patched-linux-x86_64 | 1.1-1 | 27.61 | 230.80 | 258.41 | NOTE | |
r-release-linux-x86_64 | 1.1-1 | 29.08 | 204.81 | 233.89 | NOTE | |
r-release-macos-arm64 | 1.1-1 | 84.00 | NOTE | |||
r-release-macos-x86_64 | 1.1-1 | 138.00 | NOTE | |||
r-release-windows-x86_64 | 1.1-1 | 26.00 | 195.00 | 221.00 | NOTE | |
r-oldrel-macos-arm64 | 1.1-1 | 102.00 | OK | |||
r-oldrel-macos-x86_64 | 1.1-1 | 172.00 | OK | |||
r-oldrel-windows-x86_64 | 1.1-1 | 33.00 | 265.00 | 298.00 | OK |
Version: 1.1-1
Check: Rd files
Result: NOTE
checkRd: (-1) grade.Rd:57: Lost braces
57 | \code{freealg} object comprising terms of grade code{n}.
| ^
Flavors: r-devel-linux-x86_64-debian-clang, r-devel-linux-x86_64-debian-gcc, r-devel-linux-x86_64-fedora-clang, r-devel-linux-x86_64-fedora-gcc, r-devel-windows-x86_64, r-patched-linux-x86_64, r-release-linux-x86_64, r-release-macos-arm64, r-release-macos-x86_64, r-release-windows-x86_64