Last updated on 2025-05-07 12:50:23 CEST.
Flavor | Version | Tinstall | Tcheck | Ttotal | Status | Flags |
---|---|---|---|---|---|---|
r-devel-linux-x86_64-debian-clang | 1.3.2 | 1.65 | 20.99 | 22.64 | NOTE | |
r-devel-linux-x86_64-debian-gcc | 1.3.2 | 1.55 | 16.35 | 17.90 | NOTE | |
r-devel-linux-x86_64-fedora-clang | 1.3.2 | 36.28 | OK | |||
r-devel-linux-x86_64-fedora-gcc | 1.3.2 | 33.52 | OK | |||
r-devel-windows-x86_64 | 1.3.2 | 2.00 | 43.00 | 45.00 | OK | |
r-patched-linux-x86_64 | 1.3.2 | 1.80 | 19.76 | 21.56 | OK | |
r-release-linux-x86_64 | 1.3.2 | 1.79 | 20.25 | 22.04 | OK | |
r-release-macos-arm64 | 1.3.2 | 16.00 | OK | |||
r-release-macos-x86_64 | 1.3.2 | 30.00 | OK | |||
r-release-windows-x86_64 | 1.3.2 | 2.00 | 42.00 | 44.00 | OK | |
r-oldrel-macos-arm64 | 1.3.2 | 14.00 | OK | |||
r-oldrel-macos-x86_64 | 1.3.2 | 23.00 | OK | |||
r-oldrel-windows-x86_64 | 1.3.2 | 3.00 | 45.00 | 48.00 | OK |
Version: 1.3.2
Check: CRAN incoming feasibility
Result: NOTE
Maintainer: ‘Mehmet Hakan Satman <mhsatman@istanbul.edu.tr>’
No Authors@R field in DESCRIPTION.
Please add one, modifying
Authors@R: person(given = c("Mehmet", "Hakan"),
family = "Satman",
role = c("aut", "cre"),
email = "mhsatman@istanbul.edu.tr")
as necessary.
Flavors: r-devel-linux-x86_64-debian-clang, r-devel-linux-x86_64-debian-gcc