Last updated on 2025-05-06 03:51:03 CEST.
Flavor | Version | Tinstall | Tcheck | Ttotal | Status | Flags |
---|---|---|---|---|---|---|
r-devel-linux-x86_64-debian-clang | 1.1.88 | 7.13 | 56.11 | 63.24 | NOTE | |
r-devel-linux-x86_64-debian-gcc | 1.1.88 | 5.36 | 41.84 | 47.20 | NOTE | |
r-devel-linux-x86_64-fedora-clang | 1.1.88 | 97.57 | OK | |||
r-devel-linux-x86_64-fedora-gcc | 1.1.88 | 89.85 | OK | |||
r-devel-windows-x86_64 | 1.1.88 | 7.00 | 68.00 | 75.00 | NOTE | |
r-patched-linux-x86_64 | 1.1.88 | 5.69 | 53.22 | 58.91 | NOTE | |
r-release-linux-x86_64 | 1.1.88 | 5.11 | 53.67 | 58.78 | NOTE | |
r-release-macos-arm64 | 1.1.88 | 34.00 | OK | |||
r-release-macos-x86_64 | 1.1.88 | 60.00 | OK | |||
r-release-windows-x86_64 | 1.1.88 | 8.00 | 69.00 | 77.00 | NOTE | |
r-oldrel-macos-arm64 | 1.1.88 | 33.00 | OK | |||
r-oldrel-macos-x86_64 | 1.1.88 | 52.00 | OK | |||
r-oldrel-windows-x86_64 | 1.1.88 | 10.00 | 82.00 | 92.00 | OK |
Version: 1.1.88
Check: CRAN incoming feasibility
Result: NOTE
Maintainer: ‘Holger Reulen <hreulen@uni-goettingen.de>’
No Authors@R field in DESCRIPTION.
Please add one, modifying
Authors@R: person(given = "Holger",
family = "Reulen",
role = c("aut", "cre"),
email = "hreulen@uni-goettingen.de")
as necessary.
Flavors: r-devel-linux-x86_64-debian-clang, r-devel-linux-x86_64-debian-gcc
Version: 1.1.88
Check: Rd cross-references
Result: NOTE
Found the following Rd file(s) with Rd \link{} targets missing package
anchors:
gamboostMSM-package.Rd: mboost
Please provide package anchors for all Rd \link{} targets not in the
package itself and the base packages.
Flavors: r-devel-linux-x86_64-debian-clang, r-devel-linux-x86_64-debian-gcc, r-devel-windows-x86_64, r-patched-linux-x86_64, r-release-linux-x86_64, r-release-windows-x86_64