Last updated on 2024-06-17 06:50:17 CEST.
Flavor | Version | Tinstall | Tcheck | Ttotal | Status | Flags |
---|---|---|---|---|---|---|
r-devel-linux-x86_64-debian-clang | 0.3 | 48.42 | 91.72 | 140.14 | NOTE | |
r-devel-linux-x86_64-debian-gcc | 0.3 | 34.53 | 69.68 | 104.21 | NOTE | |
r-devel-linux-x86_64-fedora-clang | 0.3 | 189.12 | NOTE | |||
r-devel-linux-x86_64-fedora-gcc | 0.3 | 184.86 | NOTE | |||
r-devel-windows-x86_64 | 0.3 | 41.00 | 98.00 | 139.00 | NOTE | |
r-patched-linux-x86_64 | 0.3 | 44.57 | 87.74 | 132.31 | NOTE | |
r-release-linux-x86_64 | 0.3 | 34.12 | 87.92 | 122.04 | NOTE | |
r-release-macos-arm64 | 0.3 | 49.00 | NOTE | |||
r-release-macos-x86_64 | 0.3 | 92.00 | NOTE | |||
r-release-windows-x86_64 | 0.3 | 42.00 | 103.00 | 145.00 | NOTE | |
r-oldrel-macos-arm64 | 0.3 | 54.00 | NOTE | |||
r-oldrel-macos-x86_64 | 0.3 | 85.00 | NOTE | |||
r-oldrel-windows-x86_64 | 0.3 | 55.00 | 121.00 | 176.00 | NOTE |
Version: 0.3
Check: LazyData
Result: NOTE
'LazyData' is specified without a 'data' directory
Flavors: r-devel-linux-x86_64-debian-clang, r-devel-linux-x86_64-debian-gcc, r-devel-linux-x86_64-fedora-clang, r-devel-linux-x86_64-fedora-gcc, r-devel-windows-x86_64, r-patched-linux-x86_64, r-release-linux-x86_64, r-release-macos-arm64, r-release-macos-x86_64, r-release-windows-x86_64, r-oldrel-macos-arm64, r-oldrel-macos-x86_64, r-oldrel-windows-x86_64