Last updated on 2025-05-03 21:51:18 CEST.
Flavor | Version | Tinstall | Tcheck | Ttotal | Status | Flags |
---|---|---|---|---|---|---|
r-devel-linux-x86_64-debian-clang | 0.9.6-1 | 21.41 | 128.75 | 150.16 | NOTE | |
r-devel-linux-x86_64-debian-gcc | 0.9.6-1 | 14.03 | 94.21 | 108.24 | NOTE | |
r-devel-linux-x86_64-fedora-clang | 0.9.6-1 | 241.21 | NOTE | |||
r-devel-linux-x86_64-fedora-gcc | 0.9.6-1 | 228.05 | NOTE | |||
r-devel-windows-x86_64 | 0.9.6-1 | 25.00 | 141.00 | 166.00 | NOTE | |
r-patched-linux-x86_64 | 0.9.6-1 | 21.32 | 122.74 | 144.06 | NOTE | |
r-release-linux-x86_64 | NOTE | |||||
r-release-macos-arm64 | 0.9.6-1 | 84.00 | NOTE | |||
r-release-macos-x86_64 | 0.9.6-1 | 126.00 | NOTE | |||
r-release-windows-x86_64 | 0.9.6-1 | 24.00 | 139.00 | 163.00 | NOTE | |
r-oldrel-macos-arm64 | 0.9.6-1 | 58.00 | NOTE | |||
r-oldrel-macos-x86_64 | 0.9.6-1 | 95.00 | NOTE | |||
r-oldrel-windows-x86_64 | 0.9.6-1 | 28.00 | 186.00 | 214.00 | NOTE |
Version: 0.9.6-1
Check: CRAN incoming feasibility
Result: NOTE
Maintainer: ‘Florian Gerber <flora.fauna.gerber@gmail.com>’
Package CITATION file contains call(s) to old-style personList() or
as.personList(). Please use c() on person objects instead.
Package CITATION file contains call(s) to old-style citEntry(). Please
use bibentry() instead.
Flavors: r-devel-linux-x86_64-debian-clang, r-devel-linux-x86_64-debian-gcc
Version: 0.9.6-1
Check: Rd files
Result: NOTE
checkRd: (-1) Gapfill.Rd:66-68: Lost braces in \itemize; \value handles \item{}{} directly
checkRd: (-1) Gapfill.Rd:69-70: Lost braces in \itemize; \value handles \item{}{} directly
checkRd: (-1) Gapfill.Rd:71-77: Lost braces in \itemize; \value handles \item{}{} directly
checkRd: (-1) Gapfill.Rd:72: Lost braces in \itemize; \value handles \item{}{} directly
checkRd: (-1) Gapfill.Rd:73: Lost braces in \itemize; \value handles \item{}{} directly
checkRd: (-1) Gapfill.Rd:74: Lost braces in \itemize; \value handles \item{}{} directly
checkRd: (-1) Gapfill.Rd:75: Lost braces in \itemize; \value handles \item{}{} directly
checkRd: (-1) Gapfill.Rd:78: Lost braces in \itemize; \value handles \item{}{} directly
checkRd: (-1) ndvi.Rd:10: Lost braces in \itemize; meant \describe ?
checkRd: (-1) ndvi.Rd:11: Lost braces in \itemize; meant \describe ?
checkRd: (-1) ndvi.Rd:12: Lost braces in \itemize; meant \describe ?
checkRd: (-1) ndvi.Rd:13: Lost braces in \itemize; meant \describe ?
Flavors: r-devel-linux-x86_64-debian-clang, r-devel-linux-x86_64-debian-gcc, r-devel-linux-x86_64-fedora-clang, r-devel-linux-x86_64-fedora-gcc, r-devel-windows-x86_64, r-patched-linux-x86_64, r-release-linux-x86_64, r-release-macos-arm64, r-release-macos-x86_64, r-release-windows-x86_64, r-oldrel-macos-arm64, r-oldrel-macos-x86_64, r-oldrel-windows-x86_64
Version: 0.9.6-1
Check: package dependencies
Result: NOTE
Package which this enhances but not available for checking: ‘doMPI’
Flavors: r-oldrel-macos-arm64, r-oldrel-macos-x86_64