Last updated on 2025-05-03 12:54:42 CEST.
Flavor | Version | Tinstall | Tcheck | Ttotal | Status | Flags |
---|---|---|---|---|---|---|
r-devel-linux-x86_64-debian-clang | 1.0.6 | 12.06 | 61.02 | 73.08 | NOTE | |
r-devel-linux-x86_64-debian-gcc | 1.0.6 | 7.77 | 45.62 | 53.39 | NOTE | |
r-devel-linux-x86_64-fedora-clang | 1.0.6 | 115.74 | OK | |||
r-devel-linux-x86_64-fedora-gcc | 1.0.6 | 105.62 | OK | |||
r-devel-windows-x86_64 | 1.0.6 | 15.00 | 80.00 | 95.00 | OK | |
r-patched-linux-x86_64 | 1.0.6 | 11.72 | 57.88 | 69.60 | OK | |
r-release-linux-x86_64 | OK | |||||
r-release-macos-arm64 | 1.0.6 | 37.00 | OK | |||
r-release-macos-x86_64 | 1.0.6 | 61.00 | OK | |||
r-release-windows-x86_64 | 1.0.6 | 16.00 | 79.00 | 95.00 | OK | |
r-oldrel-macos-arm64 | 1.0.6 | 34.00 | OK | |||
r-oldrel-macos-x86_64 | 1.0.6 | 48.00 | OK | |||
r-oldrel-windows-x86_64 | 1.0.6 | 18.00 | 98.00 | 116.00 | OK |
Version: 1.0.6
Check: CRAN incoming feasibility
Result: NOTE
Maintainer: ‘Yi Yang <yi.yang6@mcgill.ca>’
No Authors@R field in DESCRIPTION.
Please add one, modifying
Authors@R: c(person(given = "Yi",
family = "Yang",
role = c("aut", "cre"),
email = "yi.yang6@mcgill.ca"),
person(given = "Yuwen",
family = "Gu",
role = "aut",
email = "yuwen.gu@uconn.edu"),
person(given = "Hui",
family = "Zou",
role = "aut",
email = "hzou@stat.umn.edu"))
as necessary.
Flavors: r-devel-linux-x86_64-debian-clang, r-devel-linux-x86_64-debian-gcc