Last updated on 2025-05-03 21:51:19 CEST.
Flavor | Version | Tinstall | Tcheck | Ttotal | Status | Flags |
---|---|---|---|---|---|---|
r-devel-linux-x86_64-debian-clang | 1.2.5 | 4.32 | 38.60 | 42.92 | NOTE | |
r-devel-linux-x86_64-debian-gcc | 1.2.5 | 3.25 | 30.27 | 33.52 | NOTE | |
r-devel-linux-x86_64-fedora-clang | 1.2.5 | 66.40 | NOTE | |||
r-devel-linux-x86_64-fedora-gcc | 1.2.5 | 65.09 | NOTE | |||
r-devel-windows-x86_64 | 1.2.5 | 6.00 | 60.00 | 66.00 | NOTE | |
r-patched-linux-x86_64 | 1.2.5 | 4.68 | 36.02 | 40.70 | NOTE | |
r-release-linux-x86_64 | NOTE | |||||
r-release-macos-arm64 | 1.2.5 | 24.00 | NOTE | |||
r-release-macos-x86_64 | 1.2.5 | 44.00 | NOTE | |||
r-release-windows-x86_64 | 1.2.5 | 6.00 | 54.00 | 60.00 | NOTE | |
r-oldrel-macos-arm64 | 1.2.5 | 21.00 | NOTE | |||
r-oldrel-macos-x86_64 | 1.2.5 | 32.00 | NOTE | |||
r-oldrel-windows-x86_64 | 1.2.5 | 7.00 | 66.00 | 73.00 | NOTE |
Version: 1.2.5
Check: CRAN incoming feasibility
Result: NOTE
Maintainer: ‘Joshua O'Brien <joshmobrien@gmail.com>’
No Authors@R field in DESCRIPTION.
Please add one, modifying
Authors@R: person(given = "Joshua",
family = "O'Brien",
role = c("aut", "cre"),
email = "joshmobrien@gmail.com")
as necessary.
Flavors: r-devel-linux-x86_64-debian-clang, r-devel-linux-x86_64-debian-gcc
Version: 1.2.5
Check: Rd files
Result: NOTE
checkRd: (-1) nearblack.Rd:30: Lost braces
30 | code{infile=}, indicating that the input file should be
| ^
Flavors: r-devel-linux-x86_64-debian-clang, r-devel-linux-x86_64-debian-gcc, r-devel-linux-x86_64-fedora-clang, r-devel-linux-x86_64-fedora-gcc, r-devel-windows-x86_64, r-patched-linux-x86_64, r-release-linux-x86_64, r-release-macos-arm64, r-release-macos-x86_64, r-release-windows-x86_64, r-oldrel-macos-arm64, r-oldrel-macos-x86_64, r-oldrel-windows-x86_64