Last updated on 2024-06-17 06:50:17 CEST.
Flavor | Version | Tinstall | Tcheck | Ttotal | Status | Flags |
---|---|---|---|---|---|---|
r-devel-linux-x86_64-debian-clang | 1.0.0 | 1.38 | 24.03 | 25.41 | OK | |
r-devel-linux-x86_64-debian-gcc | 1.0.0 | 1.64 | 18.78 | 20.42 | OK | |
r-devel-linux-x86_64-fedora-clang | 1.0.0 | 33.59 | NOTE | |||
r-devel-linux-x86_64-fedora-gcc | 1.0.0 | 31.44 | NOTE | |||
r-devel-windows-x86_64 | 1.0.0 | 3.00 | 41.00 | 44.00 | OK | |
r-patched-linux-x86_64 | 1.0.0 | 2.18 | 22.71 | 24.89 | OK | |
r-release-linux-x86_64 | 1.0.0 | 2.01 | 22.78 | 24.79 | OK | |
r-release-macos-arm64 | 1.0.0 | 16.00 | OK | |||
r-release-macos-x86_64 | 1.0.0 | 24.00 | OK | |||
r-release-windows-x86_64 | 1.0.0 | 3.00 | 42.00 | 45.00 | OK | |
r-oldrel-macos-arm64 | 1.0.0 | 22.00 | OK | |||
r-oldrel-macos-x86_64 | 1.0.0 | 32.00 | OK | |||
r-oldrel-windows-x86_64 | 1.0.0 | 2.00 | 43.00 | 45.00 | OK |
Version: 1.0.0
Check: data for non-ASCII characters
Result: NOTE
Note: found 3 marked UTF-8 strings
Flavors: r-devel-linux-x86_64-fedora-clang, r-devel-linux-x86_64-fedora-gcc