CRAN Package Check Results for Package gendist

Last updated on 2025-05-07 12:50:23 CEST.

Flavor Version Tinstall Tcheck Ttotal Status Flags
r-devel-linux-x86_64-debian-clang 2.0 2.23 21.60 23.83 NOTE
r-devel-linux-x86_64-debian-gcc 2.0 1.67 16.78 18.45 NOTE
r-devel-linux-x86_64-fedora-clang 2.0 36.82 OK
r-devel-linux-x86_64-fedora-gcc 2.0 34.82 OK
r-devel-windows-x86_64 2.0 3.00 42.00 45.00 OK
r-patched-linux-x86_64 2.0 2.32 21.03 23.35 OK
r-release-linux-x86_64 2.0 1.88 20.68 22.56 OK
r-release-macos-arm64 2.0 17.00 OK
r-release-macos-x86_64 2.0 24.00 OK
r-release-windows-x86_64 2.0 4.00 47.00 51.00 OK
r-oldrel-macos-arm64 2.0 14.00 OK
r-oldrel-macos-x86_64 2.0 21.00 OK
r-oldrel-windows-x86_64 2.0 3.00 41.00 44.00 OK

Check Details

Version: 2.0
Check: CRAN incoming feasibility
Result: NOTE Maintainer: ‘Shaiful Anuar Abu Bakar <saab@um.edu.my>’ No Authors@R field in DESCRIPTION. Please add one, modifying Authors@R: person(given = c("Shaiful", "Anuar", "Abu"), family = "Bakar", role = c("aut", "cre"), email = "saab@um.edu.my") as necessary. Flavors: r-devel-linux-x86_64-debian-clang, r-devel-linux-x86_64-debian-gcc