Last updated on 2025-05-03 12:54:42 CEST.
Flavor | Version | Tinstall | Tcheck | Ttotal | Status | Flags |
---|---|---|---|---|---|---|
r-devel-linux-x86_64-debian-clang | 0.1.19 | 10.31 | 68.95 | 79.26 | NOTE | |
r-devel-linux-x86_64-debian-gcc | 0.1.19 | 7.50 | 48.75 | 56.25 | NOTE | |
r-devel-linux-x86_64-fedora-clang | 0.1.19 | 124.43 | OK | |||
r-devel-linux-x86_64-fedora-gcc | 0.1.19 | 116.94 | OK | |||
r-devel-windows-x86_64 | 0.1.19 | 12.00 | 79.00 | 91.00 | OK | |
r-patched-linux-x86_64 | 0.1.19 | 9.48 | 66.39 | 75.87 | OK | |
r-release-linux-x86_64 | OK | |||||
r-release-macos-arm64 | 0.1.19 | 31.00 | OK | |||
r-release-macos-x86_64 | 0.1.19 | 60.00 | OK | |||
r-release-windows-x86_64 | 0.1.19 | 12.00 | 80.00 | 92.00 | OK | |
r-oldrel-macos-arm64 | 0.1.19 | 32.00 | OK | |||
r-oldrel-macos-x86_64 | 0.1.19 | 48.00 | OK | |||
r-oldrel-windows-x86_64 | 0.1.19 | 14.00 | 98.00 | 112.00 | OK |
Version: 0.1.19
Check: CRAN incoming feasibility
Result: NOTE
Maintainer: ‘Torben Tvedebrink <tvede@math.aau.dk>’
No Authors@R field in DESCRIPTION.
Please add one, modifying
Authors@R: person(given = "Torben",
family = "Tvedebrink",
role = c("aut", "cre"),
email = "tvede@math.aau.dk")
as necessary.
Package CITATION file contains call(s) to old-style personList() or
as.personList(). Please use c() on person objects instead.
Package CITATION file contains call(s) to old-style citEntry(). Please
use bibentry() instead.
Flavors: r-devel-linux-x86_64-debian-clang, r-devel-linux-x86_64-debian-gcc