Last updated on 2025-05-06 06:49:55 CEST.
Flavor | Version | Tinstall | Tcheck | Ttotal | Status | Flags |
---|---|---|---|---|---|---|
r-devel-linux-x86_64-debian-clang | 1.7 | 16.80 | 148.81 | 165.61 | OK | |
r-devel-linux-x86_64-debian-gcc | 1.7 | 12.60 | 114.37 | 126.97 | OK | |
r-devel-linux-x86_64-fedora-clang | 1.7 | 287.86 | OK | |||
r-devel-linux-x86_64-fedora-gcc | 1.7 | 254.71 | OK | |||
r-devel-windows-x86_64 | 1.7 | 16.00 | 143.00 | 159.00 | OK | |
r-patched-linux-x86_64 | 1.7 | 17.27 | 146.52 | 163.79 | OK | |
r-release-linux-x86_64 | 1.7 | 17.82 | 144.17 | 161.99 | OK | |
r-release-macos-arm64 | 1.7 | 16.00 | ERROR | |||
r-release-macos-x86_64 | 1.7 | 167.00 | OK | |||
r-release-windows-x86_64 | 1.7 | 17.00 | 143.00 | 160.00 | OK | |
r-oldrel-macos-arm64 | 1.7 | 14.00 | ERROR | |||
r-oldrel-macos-x86_64 | 1.7 | 136.00 | OK | |||
r-oldrel-windows-x86_64 | 1.7 | 17.00 | 182.00 | 199.00 | OK |
Version: 1.7
Check: package dependencies
Result: ERROR
Package required but not available: ‘reactome.db’
See section ‘The DESCRIPTION file’ in the ‘Writing R Extensions’
manual.
Flavors: r-release-macos-arm64, r-oldrel-macos-arm64