Last updated on 2025-07-25 12:50:06 CEST.
Flavor | Version | Tinstall | Tcheck | Ttotal | Status | Flags |
---|---|---|---|---|---|---|
r-devel-linux-x86_64-debian-clang | 1.0.2.2 | 14.07 | 102.48 | 116.55 | NOTE | |
r-devel-linux-x86_64-debian-gcc | 1.0.2.2 | 10.34 | 73.17 | 83.51 | NOTE | |
r-devel-linux-x86_64-fedora-clang | 1.0.2.2 | 180.15 | OK | |||
r-devel-linux-x86_64-fedora-gcc | 1.0.2.2 | 195.41 | OK | |||
r-devel-windows-x86_64 | 1.0.2.2 | 23.00 | 160.00 | 183.00 | OK | |
r-patched-linux-x86_64 | 1.0.2.2 | 15.68 | 98.29 | 113.97 | OK | |
r-release-linux-x86_64 | 1.0.2.2 | 13.20 | 97.80 | 111.00 | OK | |
r-release-macos-arm64 | 1.0.2.2 | 71.00 | OK | |||
r-release-macos-x86_64 | 1.0.2.2 | 179.00 | OK | |||
r-release-windows-x86_64 | 1.0.2.2 | 20.00 | 150.00 | 170.00 | OK | |
r-oldrel-macos-arm64 | 1.0.2.2 | 62.00 | OK | |||
r-oldrel-macos-x86_64 | 1.0.2.2 | 108.00 | OK | |||
r-oldrel-windows-x86_64 | 1.0.2.2 | 26.00 | 177.00 | 203.00 | OK |
Version: 1.0.2.2
Check: CRAN incoming feasibility
Result: NOTE
Maintainer: ‘Shiqing Yu <syu.phd@gmail.com>’
No Authors@R field in DESCRIPTION.
Please add one, modifying
Authors@R: c(person(given = "Shiqing",
family = "Yu",
role = c("aut", "cre"),
email = "syu.phd@gmail.com"),
person(given = "Lina",
family = "Lin",
role = "aut"),
person(given = "Wally",
family = "Gilks",
role = "aut"))
as necessary.
Flavors: r-devel-linux-x86_64-debian-clang, r-devel-linux-x86_64-debian-gcc